{"id":10778,"date":"2021-11-30T21:07:35","date_gmt":"2021-11-30T23:07:35","guid":{"rendered":"https:\/\/museuflorestal.ambiente.sp.gov.br\/acervo\/?post_type=tnc_col_329_item&#038;p=10778"},"modified":"2021-11-30T21:07:38","modified_gmt":"2021-11-30T23:07:38","slug":"presilha-de-cabelo","status":"publish","type":"tnc_col_329_item","link":"https:\/\/museuflorestal.ambiente.sp.gov.br\/acervo\/museu-florestal-octavio-vecchi\/presilha-de-cabelo\/","title":{"rendered":"Presilha de cabelo"},"content":{"rendered":"<p>Objeto em formato de arco de madeira, na cor natural da madeira. Na parte interna, dois parafusos de metal e uma etiqueta com a inscri\u00e7\u00e3o &#8220;OB-133&#8221; \u00e0 caneta.<\/p>\n","protected":false},"featured_media":10780,"parent":0,"menu_order":0,"comment_status":"closed","ping_status":"closed","template":"","format":"standard","_links":{"self":[{"href":"https:\/\/museuflorestal.ambiente.sp.gov.br\/acervo\/wp-json\/wp\/v2\/tnc_col_329_item\/10778"}],"collection":[{"href":"https:\/\/museuflorestal.ambiente.sp.gov.br\/acervo\/wp-json\/wp\/v2\/tnc_col_329_item"}],"about":[{"href":"https:\/\/museuflorestal.ambiente.sp.gov.br\/acervo\/wp-json\/wp\/v2\/types\/tnc_col_329_item"}],"replies":[{"embeddable":true,"href":"https:\/\/museuflorestal.ambiente.sp.gov.br\/acervo\/wp-json\/wp\/v2\/comments?post=10778"}],"version-history":[{"count":0,"href":"https:\/\/museuflorestal.ambiente.sp.gov.br\/acervo\/wp-json\/wp\/v2\/tnc_col_329_item\/10778\/revisions"}],"wp:featuredmedia":[{"embeddable":true,"href":"https:\/\/museuflorestal.ambiente.sp.gov.br\/acervo\/wp-json\/wp\/v2\/media\/10780"}],"wp:attachment":[{"href":"https:\/\/museuflorestal.ambiente.sp.gov.br\/acervo\/wp-json\/wp\/v2\/media?parent=10778"}],"curies":[{"name":"wp","href":"https:\/\/api.w.org\/{rel}","templated":true}]}}

<p>Objeto em formato de arco de madeira, na cor natural da madeira. Na parte interna, dois parafusos de metal e uma etiqueta com a inscrição &#8220;OB-133&#8221; à caneta.</p>
