{"id":10782,"date":"2021-11-30T21:07:40","date_gmt":"2021-11-30T23:07:40","guid":{"rendered":"https:\/\/museuflorestal.ambiente.sp.gov.br\/acervo\/?post_type=tnc_col_329_item&#038;p=10782"},"modified":"2021-11-30T21:07:43","modified_gmt":"2021-11-30T23:07:43","slug":"porta-caneta","status":"publish","type":"tnc_col_329_item","link":"https:\/\/museuflorestal.ambiente.sp.gov.br\/acervo\/museu-florestal-octavio-vecchi\/porta-caneta\/","title":{"rendered":"Porta-caneta"},"content":{"rendered":"<p>Cilindro sobre base triangular, ambos de madeira, na cor natural da madeira. Na parte superior da base h\u00e1 uma etiqueta com a inscri\u00e7\u00e3o &#8220;OB-109&#8221;. Na parte inferior h\u00e1 tecido colado.<\/p>\n","protected":false},"featured_media":10783,"parent":0,"menu_order":0,"comment_status":"closed","ping_status":"closed","template":"","format":"standard","_links":{"self":[{"href":"https:\/\/museuflorestal.ambiente.sp.gov.br\/acervo\/wp-json\/wp\/v2\/tnc_col_329_item\/10782"}],"collection":[{"href":"https:\/\/museuflorestal.ambiente.sp.gov.br\/acervo\/wp-json\/wp\/v2\/tnc_col_329_item"}],"about":[{"href":"https:\/\/museuflorestal.ambiente.sp.gov.br\/acervo\/wp-json\/wp\/v2\/types\/tnc_col_329_item"}],"replies":[{"embeddable":true,"href":"https:\/\/museuflorestal.ambiente.sp.gov.br\/acervo\/wp-json\/wp\/v2\/comments?post=10782"}],"version-history":[{"count":0,"href":"https:\/\/museuflorestal.ambiente.sp.gov.br\/acervo\/wp-json\/wp\/v2\/tnc_col_329_item\/10782\/revisions"}],"wp:featuredmedia":[{"embeddable":true,"href":"https:\/\/museuflorestal.ambiente.sp.gov.br\/acervo\/wp-json\/wp\/v2\/media\/10783"}],"wp:attachment":[{"href":"https:\/\/museuflorestal.ambiente.sp.gov.br\/acervo\/wp-json\/wp\/v2\/media?parent=10782"}],"curies":[{"name":"wp","href":"https:\/\/api.w.org\/{rel}","templated":true}]}}

<p>Cilindro sobre base triangular, ambos de madeira, na cor natural da madeira. Na parte superior da base há uma etiqueta com a inscrição &#8220;OB-109&#8221;. Na parte inferior há tecido colado.</p>
