{"id":10787,"date":"2021-11-30T21:07:50","date_gmt":"2021-11-30T23:07:50","guid":{"rendered":"https:\/\/museuflorestal.ambiente.sp.gov.br\/acervo\/?post_type=tnc_col_329_item&#038;p=10787"},"modified":"2021-11-30T21:07:53","modified_gmt":"2021-11-30T23:07:53","slug":"quadro-de-cachorro-em-marchetaria","status":"publish","type":"tnc_col_329_item","link":"https:\/\/museuflorestal.ambiente.sp.gov.br\/acervo\/museu-florestal-octavio-vecchi\/quadro-de-cachorro-em-marchetaria\/","title":{"rendered":"Quadro de cachorro em marchetaria"},"content":{"rendered":"<p>Quadro em formato oval com desenho de cachorro, em marchetaria. Na parte posterior h\u00e1 uma etiqueta com a inscri\u00e7\u00e3o &#8220;OB-104&#8221;.<\/p>\n","protected":false},"featured_media":10788,"parent":0,"menu_order":0,"comment_status":"closed","ping_status":"closed","template":"","format":"standard","_links":{"self":[{"href":"https:\/\/museuflorestal.ambiente.sp.gov.br\/acervo\/wp-json\/wp\/v2\/tnc_col_329_item\/10787"}],"collection":[{"href":"https:\/\/museuflorestal.ambiente.sp.gov.br\/acervo\/wp-json\/wp\/v2\/tnc_col_329_item"}],"about":[{"href":"https:\/\/museuflorestal.ambiente.sp.gov.br\/acervo\/wp-json\/wp\/v2\/types\/tnc_col_329_item"}],"replies":[{"embeddable":true,"href":"https:\/\/museuflorestal.ambiente.sp.gov.br\/acervo\/wp-json\/wp\/v2\/comments?post=10787"}],"version-history":[{"count":0,"href":"https:\/\/museuflorestal.ambiente.sp.gov.br\/acervo\/wp-json\/wp\/v2\/tnc_col_329_item\/10787\/revisions"}],"wp:featuredmedia":[{"embeddable":true,"href":"https:\/\/museuflorestal.ambiente.sp.gov.br\/acervo\/wp-json\/wp\/v2\/media\/10788"}],"wp:attachment":[{"href":"https:\/\/museuflorestal.ambiente.sp.gov.br\/acervo\/wp-json\/wp\/v2\/media?parent=10787"}],"curies":[{"name":"wp","href":"https:\/\/api.w.org\/{rel}","templated":true}]}}

<p>Quadro em formato oval com desenho de cachorro, em marchetaria. Na parte posterior há uma etiqueta com a inscrição &#8220;OB-104&#8221;.</p>
