{"id":10790,"date":"2021-11-30T21:07:56","date_gmt":"2021-11-30T23:07:56","guid":{"rendered":"https:\/\/museuflorestal.ambiente.sp.gov.br\/acervo\/?post_type=tnc_col_329_item&#038;p=10790"},"modified":"2021-11-30T21:07:59","modified_gmt":"2021-11-30T23:07:59","slug":"escultura-de-cervo-com-filhote","status":"publish","type":"tnc_col_329_item","link":"https:\/\/museuflorestal.ambiente.sp.gov.br\/acervo\/museu-florestal-octavio-vecchi\/escultura-de-cervo-com-filhote\/","title":{"rendered":"Escultura de cervo com filhote"},"content":{"rendered":"<p>Escultura de madeira representando um cervo e filhote. Est\u00e1 sobre uma base oval, com uma das laterais retas. O cervo possui as pernas alongadas, uma das orelhas arqueadas e est\u00e1 com a cabe\u00e7a voltada para baixo. Ao lado est\u00e1 o filhote com as orelhas para baixo e a cabe\u00e7a voltada para cima, em dire\u00e7\u00e3o ao cervo.<\/p>\n","protected":false},"featured_media":10791,"parent":0,"menu_order":0,"comment_status":"closed","ping_status":"closed","template":"","format":"standard","_links":{"self":[{"href":"https:\/\/museuflorestal.ambiente.sp.gov.br\/acervo\/wp-json\/wp\/v2\/tnc_col_329_item\/10790"}],"collection":[{"href":"https:\/\/museuflorestal.ambiente.sp.gov.br\/acervo\/wp-json\/wp\/v2\/tnc_col_329_item"}],"about":[{"href":"https:\/\/museuflorestal.ambiente.sp.gov.br\/acervo\/wp-json\/wp\/v2\/types\/tnc_col_329_item"}],"replies":[{"embeddable":true,"href":"https:\/\/museuflorestal.ambiente.sp.gov.br\/acervo\/wp-json\/wp\/v2\/comments?post=10790"}],"version-history":[{"count":0,"href":"https:\/\/museuflorestal.ambiente.sp.gov.br\/acervo\/wp-json\/wp\/v2\/tnc_col_329_item\/10790\/revisions"}],"wp:featuredmedia":[{"embeddable":true,"href":"https:\/\/museuflorestal.ambiente.sp.gov.br\/acervo\/wp-json\/wp\/v2\/media\/10791"}],"wp:attachment":[{"href":"https:\/\/museuflorestal.ambiente.sp.gov.br\/acervo\/wp-json\/wp\/v2\/media?parent=10790"}],"curies":[{"name":"wp","href":"https:\/\/api.w.org\/{rel}","templated":true}]}}

<p>Escultura de madeira representando um cervo e filhote. Está sobre uma base oval, com uma das laterais retas. O cervo possui as pernas alongadas, uma das orelhas arqueadas e está com a cabeça voltada para baixo. Ao lado está o filhote com as orelhas para baixo e a cabeça voltada para cima, em direção ao cervo.</p>
