{"id":10829,"date":"2021-11-30T21:09:05","date_gmt":"2021-11-30T23:09:05","guid":{"rendered":"https:\/\/museuflorestal.ambiente.sp.gov.br\/acervo\/?post_type=tnc_col_329_item&#038;p=10829"},"modified":"2021-11-30T21:09:08","modified_gmt":"2021-11-30T23:09:08","slug":"martelo-bola","status":"publish","type":"tnc_col_329_item","link":"https:\/\/museuflorestal.ambiente.sp.gov.br\/acervo\/museu-florestal-octavio-vecchi\/martelo-bola\/","title":{"rendered":"Martelo bola"},"content":{"rendered":"<p>Martelo com cabe\u00e7a e cabo de madeira, na cor natural da madeira. Possui a cabe\u00e7a com uma das extremidades plana e a outra arredondada, com marcas do entalhe aparentes. Na parte superior da cabe\u00e7a h\u00e1 encaixe do cabo com a cabe\u00e7a com cunha aparente. Na ponta do cabo h\u00e1 uma etiqueta verde com a inscri\u00e7\u00e3o \u00e0 caneta preta &#8220;26&#8221;.<\/p>\n","protected":false},"featured_media":10830,"parent":0,"menu_order":0,"comment_status":"closed","ping_status":"closed","template":"","format":"standard","_links":{"self":[{"href":"https:\/\/museuflorestal.ambiente.sp.gov.br\/acervo\/wp-json\/wp\/v2\/tnc_col_329_item\/10829"}],"collection":[{"href":"https:\/\/museuflorestal.ambiente.sp.gov.br\/acervo\/wp-json\/wp\/v2\/tnc_col_329_item"}],"about":[{"href":"https:\/\/museuflorestal.ambiente.sp.gov.br\/acervo\/wp-json\/wp\/v2\/types\/tnc_col_329_item"}],"replies":[{"embeddable":true,"href":"https:\/\/museuflorestal.ambiente.sp.gov.br\/acervo\/wp-json\/wp\/v2\/comments?post=10829"}],"version-history":[{"count":0,"href":"https:\/\/museuflorestal.ambiente.sp.gov.br\/acervo\/wp-json\/wp\/v2\/tnc_col_329_item\/10829\/revisions"}],"wp:featuredmedia":[{"embeddable":true,"href":"https:\/\/museuflorestal.ambiente.sp.gov.br\/acervo\/wp-json\/wp\/v2\/media\/10830"}],"wp:attachment":[{"href":"https:\/\/museuflorestal.ambiente.sp.gov.br\/acervo\/wp-json\/wp\/v2\/media?parent=10829"}],"curies":[{"name":"wp","href":"https:\/\/api.w.org\/{rel}","templated":true}]}}

<p>Martelo com cabeça e cabo de madeira, na cor natural da madeira. Possui a cabeça com uma das extremidades plana e a outra arredondada, com marcas do entalhe aparentes. Na parte superior da cabeça há encaixe do cabo com a cabeça com cunha aparente. Na ponta do cabo há uma etiqueta verde com a inscrição à caneta preta &#8220;26&#8221;.</p>
