{"id":10849,"date":"2021-11-30T21:09:44","date_gmt":"2021-11-30T23:09:44","guid":{"rendered":"https:\/\/museuflorestal.ambiente.sp.gov.br\/acervo\/?post_type=tnc_col_329_item&#038;p=10849"},"modified":"2021-11-30T21:09:47","modified_gmt":"2021-11-30T23:09:47","slug":"plaina-2","status":"publish","type":"tnc_col_329_item","link":"https:\/\/museuflorestal.ambiente.sp.gov.br\/acervo\/museu-florestal-octavio-vecchi\/plaina-2\/","title":{"rendered":"Plaina"},"content":{"rendered":"<p>Ferramenta de madeira com parte central retangular, cavidade para l\u00e2mina de metal e dois cabos laterais para apoio. Em um dos cabos h\u00e1 uma etiqueta com a inscri\u00e7\u00e3o &#8220;FR-20&#8221;.<\/p>\n","protected":false},"featured_media":10850,"parent":0,"menu_order":0,"comment_status":"closed","ping_status":"closed","template":"","format":"standard","_links":{"self":[{"href":"https:\/\/museuflorestal.ambiente.sp.gov.br\/acervo\/wp-json\/wp\/v2\/tnc_col_329_item\/10849"}],"collection":[{"href":"https:\/\/museuflorestal.ambiente.sp.gov.br\/acervo\/wp-json\/wp\/v2\/tnc_col_329_item"}],"about":[{"href":"https:\/\/museuflorestal.ambiente.sp.gov.br\/acervo\/wp-json\/wp\/v2\/types\/tnc_col_329_item"}],"replies":[{"embeddable":true,"href":"https:\/\/museuflorestal.ambiente.sp.gov.br\/acervo\/wp-json\/wp\/v2\/comments?post=10849"}],"version-history":[{"count":0,"href":"https:\/\/museuflorestal.ambiente.sp.gov.br\/acervo\/wp-json\/wp\/v2\/tnc_col_329_item\/10849\/revisions"}],"wp:featuredmedia":[{"embeddable":true,"href":"https:\/\/museuflorestal.ambiente.sp.gov.br\/acervo\/wp-json\/wp\/v2\/media\/10850"}],"wp:attachment":[{"href":"https:\/\/museuflorestal.ambiente.sp.gov.br\/acervo\/wp-json\/wp\/v2\/media?parent=10849"}],"curies":[{"name":"wp","href":"https:\/\/api.w.org\/{rel}","templated":true}]}}

<p>Ferramenta de madeira com parte central retangular, cavidade para lâmina de metal e dois cabos laterais para apoio. Em um dos cabos há uma etiqueta com a inscrição &#8220;FR-20&#8221;.</p>
