{"id":10853,"date":"2021-11-30T21:09:51","date_gmt":"2021-11-30T23:09:51","guid":{"rendered":"https:\/\/museuflorestal.ambiente.sp.gov.br\/acervo\/?post_type=tnc_col_329_item&#038;p=10853"},"modified":"2021-11-30T21:09:54","modified_gmt":"2021-11-30T23:09:54","slug":"maco","status":"publish","type":"tnc_col_329_item","link":"https:\/\/museuflorestal.ambiente.sp.gov.br\/acervo\/museu-florestal-octavio-vecchi\/maco\/","title":{"rendered":"Ma\u00e7o"},"content":{"rendered":"<p>Ferramenta de madeira, na cor natural da madeira. Possui a cabe\u00e7a retangular e, em uma das faces, h\u00e1 uma etiqueta com a inscri\u00e7\u00e3o \u00e0 caneta &#8220;FR-1&#8221;.<\/p>\n","protected":false},"featured_media":10854,"parent":0,"menu_order":0,"comment_status":"closed","ping_status":"closed","template":"","format":"standard","_links":{"self":[{"href":"https:\/\/museuflorestal.ambiente.sp.gov.br\/acervo\/wp-json\/wp\/v2\/tnc_col_329_item\/10853"}],"collection":[{"href":"https:\/\/museuflorestal.ambiente.sp.gov.br\/acervo\/wp-json\/wp\/v2\/tnc_col_329_item"}],"about":[{"href":"https:\/\/museuflorestal.ambiente.sp.gov.br\/acervo\/wp-json\/wp\/v2\/types\/tnc_col_329_item"}],"replies":[{"embeddable":true,"href":"https:\/\/museuflorestal.ambiente.sp.gov.br\/acervo\/wp-json\/wp\/v2\/comments?post=10853"}],"version-history":[{"count":0,"href":"https:\/\/museuflorestal.ambiente.sp.gov.br\/acervo\/wp-json\/wp\/v2\/tnc_col_329_item\/10853\/revisions"}],"wp:featuredmedia":[{"embeddable":true,"href":"https:\/\/museuflorestal.ambiente.sp.gov.br\/acervo\/wp-json\/wp\/v2\/media\/10854"}],"wp:attachment":[{"href":"https:\/\/museuflorestal.ambiente.sp.gov.br\/acervo\/wp-json\/wp\/v2\/media?parent=10853"}],"curies":[{"name":"wp","href":"https:\/\/api.w.org\/{rel}","templated":true}]}}

Maço

<p>Ferramenta de madeira, na cor natural da madeira. Possui a cabeça retangular e, em uma das faces, há uma etiqueta com a inscrição à caneta &#8220;FR-1&#8221;.</p>
