{"id":10978,"date":"2021-11-30T21:13:18","date_gmt":"2021-11-30T23:13:18","guid":{"rendered":"https:\/\/museuflorestal.ambiente.sp.gov.br\/acervo\/?post_type=tnc_col_329_item&#038;p=10978"},"modified":"2021-11-30T21:13:20","modified_gmt":"2021-11-30T23:13:20","slug":"graminho-2","status":"publish","type":"tnc_col_329_item","link":"https:\/\/museuflorestal.ambiente.sp.gov.br\/acervo\/museu-florestal-octavio-vecchi\/graminho-2\/","title":{"rendered":"Graminho"},"content":{"rendered":"<p>Ferramenta de madeira com base ovalada. Parte superior em tr\u00eas n\u00edveis, com duas hastes perpendiculares a base, fixadas por parafusos abaixo da base. Nas laterais da base, h\u00e1 duas hastes que atravessam pela parte interna.<\/p>\n","protected":false},"featured_media":10979,"parent":0,"menu_order":0,"comment_status":"closed","ping_status":"closed","template":"","format":"standard","_links":{"self":[{"href":"https:\/\/museuflorestal.ambiente.sp.gov.br\/acervo\/wp-json\/wp\/v2\/tnc_col_329_item\/10978"}],"collection":[{"href":"https:\/\/museuflorestal.ambiente.sp.gov.br\/acervo\/wp-json\/wp\/v2\/tnc_col_329_item"}],"about":[{"href":"https:\/\/museuflorestal.ambiente.sp.gov.br\/acervo\/wp-json\/wp\/v2\/types\/tnc_col_329_item"}],"replies":[{"embeddable":true,"href":"https:\/\/museuflorestal.ambiente.sp.gov.br\/acervo\/wp-json\/wp\/v2\/comments?post=10978"}],"version-history":[{"count":0,"href":"https:\/\/museuflorestal.ambiente.sp.gov.br\/acervo\/wp-json\/wp\/v2\/tnc_col_329_item\/10978\/revisions"}],"wp:featuredmedia":[{"embeddable":true,"href":"https:\/\/museuflorestal.ambiente.sp.gov.br\/acervo\/wp-json\/wp\/v2\/media\/10979"}],"wp:attachment":[{"href":"https:\/\/museuflorestal.ambiente.sp.gov.br\/acervo\/wp-json\/wp\/v2\/media?parent=10978"}],"curies":[{"name":"wp","href":"https:\/\/api.w.org\/{rel}","templated":true}]}}

<p>Ferramenta de madeira com base ovalada. Parte superior em três níveis, com duas hastes perpendiculares a base, fixadas por parafusos abaixo da base. Nas laterais da base, há duas hastes que atravessam pela parte interna.</p>
