{"id":11013,"date":"2021-11-30T21:14:15","date_gmt":"2021-11-30T23:14:15","guid":{"rendered":"https:\/\/museuflorestal.ambiente.sp.gov.br\/acervo\/?post_type=tnc_col_329_item&#038;p=11013"},"modified":"2021-11-30T21:14:18","modified_gmt":"2021-11-30T23:14:18","slug":"machado","status":"publish","type":"tnc_col_329_item","link":"https:\/\/museuflorestal.ambiente.sp.gov.br\/acervo\/museu-florestal-octavio-vecchi\/machado\/","title":{"rendered":"Machado"},"content":{"rendered":"<p>Machado com cabo cil\u00edndrico e irregular de madeira, cabe\u00e7a com l\u00e2mina de um lado e martelo com dente no outro. Na parte inferior do cabo h\u00e1 uma etiqueta com a inscri\u00e7\u00e3o &#8220;FR- 19&#8221;.<\/p>\n","protected":false},"featured_media":11014,"parent":0,"menu_order":0,"comment_status":"closed","ping_status":"closed","template":"","format":"standard","_links":{"self":[{"href":"https:\/\/museuflorestal.ambiente.sp.gov.br\/acervo\/wp-json\/wp\/v2\/tnc_col_329_item\/11013"}],"collection":[{"href":"https:\/\/museuflorestal.ambiente.sp.gov.br\/acervo\/wp-json\/wp\/v2\/tnc_col_329_item"}],"about":[{"href":"https:\/\/museuflorestal.ambiente.sp.gov.br\/acervo\/wp-json\/wp\/v2\/types\/tnc_col_329_item"}],"replies":[{"embeddable":true,"href":"https:\/\/museuflorestal.ambiente.sp.gov.br\/acervo\/wp-json\/wp\/v2\/comments?post=11013"}],"version-history":[{"count":0,"href":"https:\/\/museuflorestal.ambiente.sp.gov.br\/acervo\/wp-json\/wp\/v2\/tnc_col_329_item\/11013\/revisions"}],"wp:featuredmedia":[{"embeddable":true,"href":"https:\/\/museuflorestal.ambiente.sp.gov.br\/acervo\/wp-json\/wp\/v2\/media\/11014"}],"wp:attachment":[{"href":"https:\/\/museuflorestal.ambiente.sp.gov.br\/acervo\/wp-json\/wp\/v2\/media?parent=11013"}],"curies":[{"name":"wp","href":"https:\/\/api.w.org\/{rel}","templated":true}]}}

<p>Machado com cabo cilíndrico e irregular de madeira, cabeça com lâmina de um lado e martelo com dente no outro. Na parte inferior do cabo há uma etiqueta com a inscrição &#8220;FR- 19&#8221;.</p>
