{"id":11022,"date":"2021-11-30T21:14:32","date_gmt":"2021-11-30T23:14:32","guid":{"rendered":"https:\/\/museuflorestal.ambiente.sp.gov.br\/acervo\/?post_type=tnc_col_329_item&#038;p=11022"},"modified":"2021-11-30T21:14:35","modified_gmt":"2021-11-30T23:14:35","slug":"quadro-com-amostras-de-madeira-do-assoalho-5","status":"publish","type":"tnc_col_329_item","link":"https:\/\/museuflorestal.ambiente.sp.gov.br\/acervo\/museu-florestal-octavio-vecchi\/quadro-com-amostras-de-madeira-do-assoalho-5\/","title":{"rendered":"Quadro com amostras de madeira do assoalho"},"content":{"rendered":"<p>Quadro de amostras de madeira de forro. Possui moldura com acabamento em tr\u00eas n\u00edveis, placa de metal na parte superior marcando &#8220;Soalho&#8221; e vidro. Sob o vidro, h\u00e1 tr\u00eas amostras de madeiras dispostas horizontalmente com etiqueta as identificado. Respectivamente se l\u00ea: &#8220;Nome popular: Eucalipto&#8221;; &#8220;Nome popular: Ara\u00e7a-piranga&#8221;; &#8220;Nome popular: Bracatinga&#8221;. No verso h\u00e1 a inscri\u00e7\u00e3o a l\u00e1pis &#8220;ASS9&#8221; e gancho de metal na parte superior da moldura.<\/p>\n","protected":false},"featured_media":11023,"parent":0,"menu_order":0,"comment_status":"closed","ping_status":"closed","template":"","format":"standard","_links":{"self":[{"href":"https:\/\/museuflorestal.ambiente.sp.gov.br\/acervo\/wp-json\/wp\/v2\/tnc_col_329_item\/11022"}],"collection":[{"href":"https:\/\/museuflorestal.ambiente.sp.gov.br\/acervo\/wp-json\/wp\/v2\/tnc_col_329_item"}],"about":[{"href":"https:\/\/museuflorestal.ambiente.sp.gov.br\/acervo\/wp-json\/wp\/v2\/types\/tnc_col_329_item"}],"replies":[{"embeddable":true,"href":"https:\/\/museuflorestal.ambiente.sp.gov.br\/acervo\/wp-json\/wp\/v2\/comments?post=11022"}],"version-history":[{"count":0,"href":"https:\/\/museuflorestal.ambiente.sp.gov.br\/acervo\/wp-json\/wp\/v2\/tnc_col_329_item\/11022\/revisions"}],"wp:featuredmedia":[{"embeddable":true,"href":"https:\/\/museuflorestal.ambiente.sp.gov.br\/acervo\/wp-json\/wp\/v2\/media\/11023"}],"wp:attachment":[{"href":"https:\/\/museuflorestal.ambiente.sp.gov.br\/acervo\/wp-json\/wp\/v2\/media?parent=11022"}],"curies":[{"name":"wp","href":"https:\/\/api.w.org\/{rel}","templated":true}]}}

<p>Quadro de amostras de madeira de forro. Possui moldura com acabamento em três níveis, placa de metal na parte superior marcando &#8220;Soalho&#8221; e vidro. Sob o vidro, há três amostras de madeiras dispostas horizontalmente com etiqueta as identificado. Respectivamente se lê: &#8220;Nome popular: Eucalipto&#8221;; &#8220;Nome popular: Araça-piranga&#8221;; &#8220;Nome popular: Bracatinga&#8221;. No verso há a inscrição a lápis &#8220;ASS9&#8221; e gancho de metal na parte superior da moldura.</p>
