{"id":11052,"date":"2021-11-30T21:15:20","date_gmt":"2021-11-30T23:15:20","guid":{"rendered":"https:\/\/museuflorestal.ambiente.sp.gov.br\/acervo\/?post_type=tnc_col_329_item&#038;p=11052"},"modified":"2021-11-30T21:15:23","modified_gmt":"2021-11-30T23:15:23","slug":"prato-de-ceramica-7","status":"publish","type":"tnc_col_329_item","link":"https:\/\/museuflorestal.ambiente.sp.gov.br\/acervo\/museu-florestal-octavio-vecchi\/prato-de-ceramica-7\/","title":{"rendered":"Prato de cer\u00e2mica"},"content":{"rendered":"<p>Prato raso de cer\u00e2mica com motivos tribais nas cores azul, amarelo e branco. Possui etiqueta no verso com o n\u00famero &#8220;442&#8221; e as inscri\u00e7\u00f5es no centro &#8220;mpaid+&#8221; e &#8220;flsc&#8221;.<\/p>\n","protected":false},"featured_media":11053,"parent":0,"menu_order":0,"comment_status":"closed","ping_status":"closed","template":"","format":"standard","_links":{"self":[{"href":"https:\/\/museuflorestal.ambiente.sp.gov.br\/acervo\/wp-json\/wp\/v2\/tnc_col_329_item\/11052"}],"collection":[{"href":"https:\/\/museuflorestal.ambiente.sp.gov.br\/acervo\/wp-json\/wp\/v2\/tnc_col_329_item"}],"about":[{"href":"https:\/\/museuflorestal.ambiente.sp.gov.br\/acervo\/wp-json\/wp\/v2\/types\/tnc_col_329_item"}],"replies":[{"embeddable":true,"href":"https:\/\/museuflorestal.ambiente.sp.gov.br\/acervo\/wp-json\/wp\/v2\/comments?post=11052"}],"version-history":[{"count":0,"href":"https:\/\/museuflorestal.ambiente.sp.gov.br\/acervo\/wp-json\/wp\/v2\/tnc_col_329_item\/11052\/revisions"}],"wp:featuredmedia":[{"embeddable":true,"href":"https:\/\/museuflorestal.ambiente.sp.gov.br\/acervo\/wp-json\/wp\/v2\/media\/11053"}],"wp:attachment":[{"href":"https:\/\/museuflorestal.ambiente.sp.gov.br\/acervo\/wp-json\/wp\/v2\/media?parent=11052"}],"curies":[{"name":"wp","href":"https:\/\/api.w.org\/{rel}","templated":true}]}}

Prato de cerâmica

<p>Prato raso de cerâmica com motivos tribais nas cores azul, amarelo e branco. Possui etiqueta no verso com o número &#8220;442&#8221; e as inscrições no centro &#8220;mpaid+&#8221; e &#8220;flsc&#8221;.</p>
