{"id":11061,"date":"2021-11-30T21:15:36","date_gmt":"2021-11-30T23:15:36","guid":{"rendered":"https:\/\/museuflorestal.ambiente.sp.gov.br\/acervo\/?post_type=tnc_col_329_item&#038;p=11061"},"modified":"2021-11-30T21:15:38","modified_gmt":"2021-11-30T23:15:38","slug":"prato-de-ceramica-10","status":"publish","type":"tnc_col_329_item","link":"https:\/\/museuflorestal.ambiente.sp.gov.br\/acervo\/museu-florestal-octavio-vecchi\/prato-de-ceramica-10\/","title":{"rendered":"Prato de cer\u00e2mica"},"content":{"rendered":"<p>Prato raso de cer\u00e2mica com motivos tribais nas cores azul, amarelo e branco. Possui etiqueta no verso com o n\u00famero &#8220;445&#8221; e as inscri\u00e7\u00f5es no centro &#8220;mpaid+&#8221;; &#8220;flsc&#8221;; &#8220;tincuan&#8221;.<\/p>\n","protected":false},"featured_media":11062,"parent":0,"menu_order":0,"comment_status":"closed","ping_status":"closed","template":"","format":"standard","_links":{"self":[{"href":"https:\/\/museuflorestal.ambiente.sp.gov.br\/acervo\/wp-json\/wp\/v2\/tnc_col_329_item\/11061"}],"collection":[{"href":"https:\/\/museuflorestal.ambiente.sp.gov.br\/acervo\/wp-json\/wp\/v2\/tnc_col_329_item"}],"about":[{"href":"https:\/\/museuflorestal.ambiente.sp.gov.br\/acervo\/wp-json\/wp\/v2\/types\/tnc_col_329_item"}],"replies":[{"embeddable":true,"href":"https:\/\/museuflorestal.ambiente.sp.gov.br\/acervo\/wp-json\/wp\/v2\/comments?post=11061"}],"version-history":[{"count":0,"href":"https:\/\/museuflorestal.ambiente.sp.gov.br\/acervo\/wp-json\/wp\/v2\/tnc_col_329_item\/11061\/revisions"}],"wp:featuredmedia":[{"embeddable":true,"href":"https:\/\/museuflorestal.ambiente.sp.gov.br\/acervo\/wp-json\/wp\/v2\/media\/11062"}],"wp:attachment":[{"href":"https:\/\/museuflorestal.ambiente.sp.gov.br\/acervo\/wp-json\/wp\/v2\/media?parent=11061"}],"curies":[{"name":"wp","href":"https:\/\/api.w.org\/{rel}","templated":true}]}}

Prato de cerâmica

<p>Prato raso de cerâmica com motivos tribais nas cores azul, amarelo e branco. Possui etiqueta no verso com o número &#8220;445&#8221; e as inscrições no centro &#8220;mpaid+&#8221;; &#8220;flsc&#8221;; &#8220;tincuan&#8221;.</p>
