{"id":11096,"date":"2021-11-30T21:16:33","date_gmt":"2021-11-30T23:16:33","guid":{"rendered":"https:\/\/museuflorestal.ambiente.sp.gov.br\/acervo\/?post_type=tnc_col_329_item&#038;p=11096"},"modified":"2021-11-30T21:16:35","modified_gmt":"2021-11-30T23:16:35","slug":"capitel-de-madeira","status":"publish","type":"tnc_col_329_item","link":"https:\/\/museuflorestal.ambiente.sp.gov.br\/acervo\/museu-florestal-octavio-vecchi\/capitel-de-madeira\/","title":{"rendered":"Capitel de madeira"},"content":{"rendered":"<p>Capitel de madeira em estilo j\u00f4nico. Possui uma placa met\u00e1lica com o n\u00famero &#8220;IF11446&#8221;. Na parte de baixo da base, h\u00e1 o entalhe &#8220;Projeto Dr. Berzaghi. Desenho A. Oppido. Entalhe A. Alves&#8221;.<\/p>\n","protected":false},"featured_media":11100,"parent":0,"menu_order":0,"comment_status":"closed","ping_status":"closed","template":"","format":"standard","_links":{"self":[{"href":"https:\/\/museuflorestal.ambiente.sp.gov.br\/acervo\/wp-json\/wp\/v2\/tnc_col_329_item\/11096"}],"collection":[{"href":"https:\/\/museuflorestal.ambiente.sp.gov.br\/acervo\/wp-json\/wp\/v2\/tnc_col_329_item"}],"about":[{"href":"https:\/\/museuflorestal.ambiente.sp.gov.br\/acervo\/wp-json\/wp\/v2\/types\/tnc_col_329_item"}],"replies":[{"embeddable":true,"href":"https:\/\/museuflorestal.ambiente.sp.gov.br\/acervo\/wp-json\/wp\/v2\/comments?post=11096"}],"version-history":[{"count":0,"href":"https:\/\/museuflorestal.ambiente.sp.gov.br\/acervo\/wp-json\/wp\/v2\/tnc_col_329_item\/11096\/revisions"}],"wp:featuredmedia":[{"embeddable":true,"href":"https:\/\/museuflorestal.ambiente.sp.gov.br\/acervo\/wp-json\/wp\/v2\/media\/11100"}],"wp:attachment":[{"href":"https:\/\/museuflorestal.ambiente.sp.gov.br\/acervo\/wp-json\/wp\/v2\/media?parent=11096"}],"curies":[{"name":"wp","href":"https:\/\/api.w.org\/{rel}","templated":true}]}}

<p>Capitel de madeira em estilo jônico. Possui uma placa metálica com o número &#8220;IF11446&#8221;. Na parte de baixo da base, há o entalhe &#8220;Projeto Dr. Berzaghi. Desenho A. Oppido. Entalhe A. Alves&#8221;.</p>
