{"id":11112,"date":"2021-11-30T21:16:51","date_gmt":"2021-11-30T23:16:51","guid":{"rendered":"https:\/\/museuflorestal.ambiente.sp.gov.br\/acervo\/?post_type=tnc_col_329_item&#038;p=11112"},"modified":"2021-11-30T21:16:54","modified_gmt":"2021-11-30T23:16:54","slug":"candelabro-de-madeira-2","status":"publish","type":"tnc_col_329_item","link":"https:\/\/museuflorestal.ambiente.sp.gov.br\/acervo\/museu-florestal-octavio-vecchi\/candelabro-de-madeira-2\/","title":{"rendered":"Candelabro de madeira"},"content":{"rendered":"<p>Candelabro de madeira, na cor natural da madeira. Possui a base redonda e dois bra\u00e7os torneados. Na parte superior da base h\u00e1 uma etiqueta com a inscri\u00e7\u00e3o &#8220;OB-04&#8221;.<\/p>\n","protected":false},"featured_media":11113,"parent":0,"menu_order":0,"comment_status":"closed","ping_status":"closed","template":"","format":"standard","_links":{"self":[{"href":"https:\/\/museuflorestal.ambiente.sp.gov.br\/acervo\/wp-json\/wp\/v2\/tnc_col_329_item\/11112"}],"collection":[{"href":"https:\/\/museuflorestal.ambiente.sp.gov.br\/acervo\/wp-json\/wp\/v2\/tnc_col_329_item"}],"about":[{"href":"https:\/\/museuflorestal.ambiente.sp.gov.br\/acervo\/wp-json\/wp\/v2\/types\/tnc_col_329_item"}],"replies":[{"embeddable":true,"href":"https:\/\/museuflorestal.ambiente.sp.gov.br\/acervo\/wp-json\/wp\/v2\/comments?post=11112"}],"version-history":[{"count":0,"href":"https:\/\/museuflorestal.ambiente.sp.gov.br\/acervo\/wp-json\/wp\/v2\/tnc_col_329_item\/11112\/revisions"}],"wp:featuredmedia":[{"embeddable":true,"href":"https:\/\/museuflorestal.ambiente.sp.gov.br\/acervo\/wp-json\/wp\/v2\/media\/11113"}],"wp:attachment":[{"href":"https:\/\/museuflorestal.ambiente.sp.gov.br\/acervo\/wp-json\/wp\/v2\/media?parent=11112"}],"curies":[{"name":"wp","href":"https:\/\/api.w.org\/{rel}","templated":true}]}}

<p>Candelabro de madeira, na cor natural da madeira. Possui a base redonda e dois braços torneados. Na parte superior da base há uma etiqueta com a inscrição &#8220;OB-04&#8221;.</p>
