{"id":11130,"date":"2021-11-30T21:17:20","date_gmt":"2021-11-30T23:17:20","guid":{"rendered":"https:\/\/museuflorestal.ambiente.sp.gov.br\/acervo\/?post_type=tnc_col_329_item&#038;p=11130"},"modified":"2021-11-30T21:17:22","modified_gmt":"2021-11-30T23:17:22","slug":"bisel-de-perola-vegetal","status":"publish","type":"tnc_col_329_item","link":"https:\/\/museuflorestal.ambiente.sp.gov.br\/acervo\/museu-florestal-octavio-vecchi\/bisel-de-perola-vegetal\/","title":{"rendered":"Bisel de p\u00e9rola-vegetal"},"content":{"rendered":"<p>Amostra de tronco de madeira com corte bisel, possui inscri\u00e7\u00e3o em baixo relevo &#8220;M102&#8221; no canto inferior esquerdo do corte diagonal. Possui uma placa de identifica\u00e7\u00e3o.<\/p>\n","protected":false},"featured_media":11133,"parent":0,"menu_order":0,"comment_status":"closed","ping_status":"closed","template":"","format":"standard","_links":{"self":[{"href":"https:\/\/museuflorestal.ambiente.sp.gov.br\/acervo\/wp-json\/wp\/v2\/tnc_col_329_item\/11130"}],"collection":[{"href":"https:\/\/museuflorestal.ambiente.sp.gov.br\/acervo\/wp-json\/wp\/v2\/tnc_col_329_item"}],"about":[{"href":"https:\/\/museuflorestal.ambiente.sp.gov.br\/acervo\/wp-json\/wp\/v2\/types\/tnc_col_329_item"}],"replies":[{"embeddable":true,"href":"https:\/\/museuflorestal.ambiente.sp.gov.br\/acervo\/wp-json\/wp\/v2\/comments?post=11130"}],"version-history":[{"count":0,"href":"https:\/\/museuflorestal.ambiente.sp.gov.br\/acervo\/wp-json\/wp\/v2\/tnc_col_329_item\/11130\/revisions"}],"wp:featuredmedia":[{"embeddable":true,"href":"https:\/\/museuflorestal.ambiente.sp.gov.br\/acervo\/wp-json\/wp\/v2\/media\/11133"}],"wp:attachment":[{"href":"https:\/\/museuflorestal.ambiente.sp.gov.br\/acervo\/wp-json\/wp\/v2\/media?parent=11130"}],"curies":[{"name":"wp","href":"https:\/\/api.w.org\/{rel}","templated":true}]}}

Bisel de pérola-vegetal

<p>Amostra de tronco de madeira com corte bisel, possui inscrição em baixo relevo &#8220;M102&#8221; no canto inferior esquerdo do corte diagonal. Possui uma placa de identificação.</p>
