{"id":11188,"date":"2021-11-30T21:18:44","date_gmt":"2021-11-30T23:18:44","guid":{"rendered":"https:\/\/museuflorestal.ambiente.sp.gov.br\/acervo\/?post_type=tnc_col_329_item&#038;p=11188"},"modified":"2021-11-30T21:18:47","modified_gmt":"2021-11-30T23:18:47","slug":"bisel-de-pau-jacare","status":"publish","type":"tnc_col_329_item","link":"https:\/\/museuflorestal.ambiente.sp.gov.br\/acervo\/museu-florestal-octavio-vecchi\/bisel-de-pau-jacare\/","title":{"rendered":"Bisel de pau-jacar\u00e9"},"content":{"rendered":"<p>Amostra de tronco de madeira em corte bisel, com verniz nos cortes, pregos entre a casca e o tronco, e tr\u00eas marcas de entalhe no corte diagonal. Possui uma placa de identifica\u00e7\u00e3o.<\/p>\n","protected":false},"featured_media":11189,"parent":0,"menu_order":0,"comment_status":"closed","ping_status":"closed","template":"","format":"standard","_links":{"self":[{"href":"https:\/\/museuflorestal.ambiente.sp.gov.br\/acervo\/wp-json\/wp\/v2\/tnc_col_329_item\/11188"}],"collection":[{"href":"https:\/\/museuflorestal.ambiente.sp.gov.br\/acervo\/wp-json\/wp\/v2\/tnc_col_329_item"}],"about":[{"href":"https:\/\/museuflorestal.ambiente.sp.gov.br\/acervo\/wp-json\/wp\/v2\/types\/tnc_col_329_item"}],"replies":[{"embeddable":true,"href":"https:\/\/museuflorestal.ambiente.sp.gov.br\/acervo\/wp-json\/wp\/v2\/comments?post=11188"}],"version-history":[{"count":0,"href":"https:\/\/museuflorestal.ambiente.sp.gov.br\/acervo\/wp-json\/wp\/v2\/tnc_col_329_item\/11188\/revisions"}],"wp:featuredmedia":[{"embeddable":true,"href":"https:\/\/museuflorestal.ambiente.sp.gov.br\/acervo\/wp-json\/wp\/v2\/media\/11189"}],"wp:attachment":[{"href":"https:\/\/museuflorestal.ambiente.sp.gov.br\/acervo\/wp-json\/wp\/v2\/media?parent=11188"}],"curies":[{"name":"wp","href":"https:\/\/api.w.org\/{rel}","templated":true}]}}

Bisel de pau-jacaré

<p>Amostra de tronco de madeira em corte bisel, com verniz nos cortes, pregos entre a casca e o tronco, e três marcas de entalhe no corte diagonal. Possui uma placa de identificação.</p>
