{"id":11296,"date":"2021-11-30T21:21:05","date_gmt":"2021-11-30T23:21:05","guid":{"rendered":"https:\/\/museuflorestal.ambiente.sp.gov.br\/acervo\/?post_type=tnc_col_329_item&#038;p=11296"},"modified":"2021-11-30T21:21:08","modified_gmt":"2021-11-30T23:21:08","slug":"bisel-de-pau-ferro","status":"publish","type":"tnc_col_329_item","link":"https:\/\/museuflorestal.ambiente.sp.gov.br\/acervo\/museu-florestal-octavio-vecchi\/bisel-de-pau-ferro\/","title":{"rendered":"Bisel de pau-ferro"},"content":{"rendered":"<p>Amostra de tronco de madeira com corte em bisel, com cortes envernizados. Possui a inscri\u00e7\u00e3o em baixo relevo &#8220;M138&#8221; no canto inferior esquerdo do corte diagonal. Possui uma placa de identifica\u00e7\u00e3o.<\/p>\n","protected":false},"featured_media":11297,"parent":0,"menu_order":0,"comment_status":"closed","ping_status":"closed","template":"","format":"standard","_links":{"self":[{"href":"https:\/\/museuflorestal.ambiente.sp.gov.br\/acervo\/wp-json\/wp\/v2\/tnc_col_329_item\/11296"}],"collection":[{"href":"https:\/\/museuflorestal.ambiente.sp.gov.br\/acervo\/wp-json\/wp\/v2\/tnc_col_329_item"}],"about":[{"href":"https:\/\/museuflorestal.ambiente.sp.gov.br\/acervo\/wp-json\/wp\/v2\/types\/tnc_col_329_item"}],"replies":[{"embeddable":true,"href":"https:\/\/museuflorestal.ambiente.sp.gov.br\/acervo\/wp-json\/wp\/v2\/comments?post=11296"}],"version-history":[{"count":0,"href":"https:\/\/museuflorestal.ambiente.sp.gov.br\/acervo\/wp-json\/wp\/v2\/tnc_col_329_item\/11296\/revisions"}],"wp:featuredmedia":[{"embeddable":true,"href":"https:\/\/museuflorestal.ambiente.sp.gov.br\/acervo\/wp-json\/wp\/v2\/media\/11297"}],"wp:attachment":[{"href":"https:\/\/museuflorestal.ambiente.sp.gov.br\/acervo\/wp-json\/wp\/v2\/media?parent=11296"}],"curies":[{"name":"wp","href":"https:\/\/api.w.org\/{rel}","templated":true}]}}

<p>Amostra de tronco de madeira com corte em bisel, com cortes envernizados. Possui a inscrição em baixo relevo &#8220;M138&#8221; no canto inferior esquerdo do corte diagonal. Possui uma placa de identificação.</p>
