{"id":11302,"date":"2021-11-30T21:21:17","date_gmt":"2021-11-30T23:21:17","guid":{"rendered":"https:\/\/museuflorestal.ambiente.sp.gov.br\/acervo\/?post_type=tnc_col_329_item&#038;p=11302"},"modified":"2021-11-30T21:21:19","modified_gmt":"2021-11-30T23:21:19","slug":"bisel-de-catupinaca","status":"publish","type":"tnc_col_329_item","link":"https:\/\/museuflorestal.ambiente.sp.gov.br\/acervo\/museu-florestal-octavio-vecchi\/bisel-de-catupinaca\/","title":{"rendered":"Bisel de catupinaca"},"content":{"rendered":"<p>Amostra de tronco de madeira com corte em bisel. Possui a inscri\u00e7\u00e3o em baixo relevo &#8220;M71&#8221; no canto inferior esquerdo do corte diagonal. Possui uma placa de identifica\u00e7\u00e3o.<\/p>\n","protected":false},"featured_media":11303,"parent":0,"menu_order":0,"comment_status":"closed","ping_status":"closed","template":"","format":"standard","_links":{"self":[{"href":"https:\/\/museuflorestal.ambiente.sp.gov.br\/acervo\/wp-json\/wp\/v2\/tnc_col_329_item\/11302"}],"collection":[{"href":"https:\/\/museuflorestal.ambiente.sp.gov.br\/acervo\/wp-json\/wp\/v2\/tnc_col_329_item"}],"about":[{"href":"https:\/\/museuflorestal.ambiente.sp.gov.br\/acervo\/wp-json\/wp\/v2\/types\/tnc_col_329_item"}],"replies":[{"embeddable":true,"href":"https:\/\/museuflorestal.ambiente.sp.gov.br\/acervo\/wp-json\/wp\/v2\/comments?post=11302"}],"version-history":[{"count":0,"href":"https:\/\/museuflorestal.ambiente.sp.gov.br\/acervo\/wp-json\/wp\/v2\/tnc_col_329_item\/11302\/revisions"}],"wp:featuredmedia":[{"embeddable":true,"href":"https:\/\/museuflorestal.ambiente.sp.gov.br\/acervo\/wp-json\/wp\/v2\/media\/11303"}],"wp:attachment":[{"href":"https:\/\/museuflorestal.ambiente.sp.gov.br\/acervo\/wp-json\/wp\/v2\/media?parent=11302"}],"curies":[{"name":"wp","href":"https:\/\/api.w.org\/{rel}","templated":true}]}}

<p>Amostra de tronco de madeira com corte em bisel. Possui a inscrição em baixo relevo &#8220;M71&#8221; no canto inferior esquerdo do corte diagonal. Possui uma placa de identificação.</p>
