{"id":11336,"date":"2021-11-30T21:22:25","date_gmt":"2021-11-30T23:22:25","guid":{"rendered":"https:\/\/museuflorestal.ambiente.sp.gov.br\/acervo\/?post_type=tnc_col_329_item&#038;p=11336"},"modified":"2021-11-30T21:22:27","modified_gmt":"2021-11-30T23:22:27","slug":"bisel-de-arariba-amarelo","status":"publish","type":"tnc_col_329_item","link":"https:\/\/museuflorestal.ambiente.sp.gov.br\/acervo\/museu-florestal-octavio-vecchi\/bisel-de-arariba-amarelo\/","title":{"rendered":"Bisel de ararib\u00e1-amarelo"},"content":{"rendered":"<p>Amostra de tronco de madeira com corte em bisel. Possui a inscri\u00e7\u00e3o em baixo relevo &#8220;M92&#8221; no canto inferior esquerdo do corte diagonal, e marca\u00e7\u00e3o a l\u00e1pis &#8220;92&#8221; no corte transversal do topo e no verso. Possui uma placa de identifica\u00e7\u00e3o.<\/p>\n","protected":false},"featured_media":11337,"parent":0,"menu_order":0,"comment_status":"closed","ping_status":"closed","template":"","format":"standard","_links":{"self":[{"href":"https:\/\/museuflorestal.ambiente.sp.gov.br\/acervo\/wp-json\/wp\/v2\/tnc_col_329_item\/11336"}],"collection":[{"href":"https:\/\/museuflorestal.ambiente.sp.gov.br\/acervo\/wp-json\/wp\/v2\/tnc_col_329_item"}],"about":[{"href":"https:\/\/museuflorestal.ambiente.sp.gov.br\/acervo\/wp-json\/wp\/v2\/types\/tnc_col_329_item"}],"replies":[{"embeddable":true,"href":"https:\/\/museuflorestal.ambiente.sp.gov.br\/acervo\/wp-json\/wp\/v2\/comments?post=11336"}],"version-history":[{"count":0,"href":"https:\/\/museuflorestal.ambiente.sp.gov.br\/acervo\/wp-json\/wp\/v2\/tnc_col_329_item\/11336\/revisions"}],"wp:featuredmedia":[{"embeddable":true,"href":"https:\/\/museuflorestal.ambiente.sp.gov.br\/acervo\/wp-json\/wp\/v2\/media\/11337"}],"wp:attachment":[{"href":"https:\/\/museuflorestal.ambiente.sp.gov.br\/acervo\/wp-json\/wp\/v2\/media?parent=11336"}],"curies":[{"name":"wp","href":"https:\/\/api.w.org\/{rel}","templated":true}]}}

Bisel de araribá-amarelo

<p>Amostra de tronco de madeira com corte em bisel. Possui a inscrição em baixo relevo &#8220;M92&#8221; no canto inferior esquerdo do corte diagonal, e marcação a lápis &#8220;92&#8221; no corte transversal do topo e no verso. Possui uma placa de identificação.</p>
