{"id":11346,"date":"2021-11-30T21:22:43","date_gmt":"2021-11-30T23:22:43","guid":{"rendered":"https:\/\/museuflorestal.ambiente.sp.gov.br\/acervo\/?post_type=tnc_col_329_item&#038;p=11346"},"modified":"2021-11-30T21:22:46","modified_gmt":"2021-11-30T23:22:46","slug":"bisel-nao-identificado","status":"publish","type":"tnc_col_329_item","link":"https:\/\/museuflorestal.ambiente.sp.gov.br\/acervo\/museu-florestal-octavio-vecchi\/bisel-nao-identificado\/","title":{"rendered":"Bisel n\u00e3o identificado"},"content":{"rendered":"<p>Amostra de tronco de madeira com corte em bisel. Possui a inscri\u00e7\u00e3o em baixo relevo &#8220;M86&#8221; no canto inferior esquerdo do corte diagonal, e tr\u00eas letras &#8220;m&#8221; em baixo relevo no topo do corte diagonal.<\/p>\n","protected":false},"featured_media":11347,"parent":0,"menu_order":0,"comment_status":"closed","ping_status":"closed","template":"","format":"standard","_links":{"self":[{"href":"https:\/\/museuflorestal.ambiente.sp.gov.br\/acervo\/wp-json\/wp\/v2\/tnc_col_329_item\/11346"}],"collection":[{"href":"https:\/\/museuflorestal.ambiente.sp.gov.br\/acervo\/wp-json\/wp\/v2\/tnc_col_329_item"}],"about":[{"href":"https:\/\/museuflorestal.ambiente.sp.gov.br\/acervo\/wp-json\/wp\/v2\/types\/tnc_col_329_item"}],"replies":[{"embeddable":true,"href":"https:\/\/museuflorestal.ambiente.sp.gov.br\/acervo\/wp-json\/wp\/v2\/comments?post=11346"}],"version-history":[{"count":0,"href":"https:\/\/museuflorestal.ambiente.sp.gov.br\/acervo\/wp-json\/wp\/v2\/tnc_col_329_item\/11346\/revisions"}],"wp:featuredmedia":[{"embeddable":true,"href":"https:\/\/museuflorestal.ambiente.sp.gov.br\/acervo\/wp-json\/wp\/v2\/media\/11347"}],"wp:attachment":[{"href":"https:\/\/museuflorestal.ambiente.sp.gov.br\/acervo\/wp-json\/wp\/v2\/media?parent=11346"}],"curies":[{"name":"wp","href":"https:\/\/api.w.org\/{rel}","templated":true}]}}

Bisel não identificado

<p>Amostra de tronco de madeira com corte em bisel. Possui a inscrição em baixo relevo &#8220;M86&#8221; no canto inferior esquerdo do corte diagonal, e três letras &#8220;m&#8221; em baixo relevo no topo do corte diagonal.</p>
