{"id":11496,"date":"2021-11-30T21:27:38","date_gmt":"2021-11-30T23:27:38","guid":{"rendered":"https:\/\/museuflorestal.ambiente.sp.gov.br\/acervo\/?post_type=tnc_col_329_item&#038;p=11496"},"modified":"2021-11-30T21:27:42","modified_gmt":"2021-11-30T23:27:42","slug":"bisel-6","status":"publish","type":"tnc_col_329_item","link":"https:\/\/museuflorestal.ambiente.sp.gov.br\/acervo\/museu-florestal-octavio-vecchi\/bisel-6\/","title":{"rendered":"Bisel"},"content":{"rendered":"<p>Tronco de \u00e1rvore com corte em bisel. No corte horizontal h\u00e1 uma etiqueta branca redonda apagada, sendo poss\u00edvel identificar &#8220;MT336&#8221;. Na parte de baixo h\u00e1 dois ret\u00e2ngulos de madeira nas extremidades, presos por pregos.<\/p>\n","protected":false},"featured_media":11497,"parent":0,"menu_order":0,"comment_status":"closed","ping_status":"closed","template":"","format":"standard","_links":{"self":[{"href":"https:\/\/museuflorestal.ambiente.sp.gov.br\/acervo\/wp-json\/wp\/v2\/tnc_col_329_item\/11496"}],"collection":[{"href":"https:\/\/museuflorestal.ambiente.sp.gov.br\/acervo\/wp-json\/wp\/v2\/tnc_col_329_item"}],"about":[{"href":"https:\/\/museuflorestal.ambiente.sp.gov.br\/acervo\/wp-json\/wp\/v2\/types\/tnc_col_329_item"}],"replies":[{"embeddable":true,"href":"https:\/\/museuflorestal.ambiente.sp.gov.br\/acervo\/wp-json\/wp\/v2\/comments?post=11496"}],"version-history":[{"count":0,"href":"https:\/\/museuflorestal.ambiente.sp.gov.br\/acervo\/wp-json\/wp\/v2\/tnc_col_329_item\/11496\/revisions"}],"wp:featuredmedia":[{"embeddable":true,"href":"https:\/\/museuflorestal.ambiente.sp.gov.br\/acervo\/wp-json\/wp\/v2\/media\/11497"}],"wp:attachment":[{"href":"https:\/\/museuflorestal.ambiente.sp.gov.br\/acervo\/wp-json\/wp\/v2\/media?parent=11496"}],"curies":[{"name":"wp","href":"https:\/\/api.w.org\/{rel}","templated":true}]}}

<p>Tronco de árvore com corte em bisel. No corte horizontal há uma etiqueta branca redonda apagada, sendo possível identificar &#8220;MT336&#8221;. Na parte de baixo há dois retângulos de madeira nas extremidades, presos por pregos.</p>
