{"id":11508,"date":"2021-11-30T21:27:56","date_gmt":"2021-11-30T23:27:56","guid":{"rendered":"https:\/\/museuflorestal.ambiente.sp.gov.br\/acervo\/?post_type=tnc_col_329_item&#038;p=11508"},"modified":"2021-11-30T21:27:58","modified_gmt":"2021-11-30T23:27:58","slug":"bisel-7","status":"publish","type":"tnc_col_329_item","link":"https:\/\/museuflorestal.ambiente.sp.gov.br\/acervo\/museu-florestal-octavio-vecchi\/bisel-7\/","title":{"rendered":"Bisel"},"content":{"rendered":"<p>Amostra de madeira com corte em bisel, corte esse na horizontal, vertical e diagonal que mostra os an\u00e9is da madeira e o cerne. No corte diagonal h\u00e1 uma etiqueta redonda com a inscri\u00e7\u00e3o &#8220;MTB2-439&#8221;. A madeira cont\u00e9m a casca da \u00e1rvore.<\/p>\n","protected":false},"featured_media":11509,"parent":0,"menu_order":0,"comment_status":"closed","ping_status":"closed","template":"","format":"standard","_links":{"self":[{"href":"https:\/\/museuflorestal.ambiente.sp.gov.br\/acervo\/wp-json\/wp\/v2\/tnc_col_329_item\/11508"}],"collection":[{"href":"https:\/\/museuflorestal.ambiente.sp.gov.br\/acervo\/wp-json\/wp\/v2\/tnc_col_329_item"}],"about":[{"href":"https:\/\/museuflorestal.ambiente.sp.gov.br\/acervo\/wp-json\/wp\/v2\/types\/tnc_col_329_item"}],"replies":[{"embeddable":true,"href":"https:\/\/museuflorestal.ambiente.sp.gov.br\/acervo\/wp-json\/wp\/v2\/comments?post=11508"}],"version-history":[{"count":0,"href":"https:\/\/museuflorestal.ambiente.sp.gov.br\/acervo\/wp-json\/wp\/v2\/tnc_col_329_item\/11508\/revisions"}],"wp:featuredmedia":[{"embeddable":true,"href":"https:\/\/museuflorestal.ambiente.sp.gov.br\/acervo\/wp-json\/wp\/v2\/media\/11509"}],"wp:attachment":[{"href":"https:\/\/museuflorestal.ambiente.sp.gov.br\/acervo\/wp-json\/wp\/v2\/media?parent=11508"}],"curies":[{"name":"wp","href":"https:\/\/api.w.org\/{rel}","templated":true}]}}

<p>Amostra de madeira com corte em bisel, corte esse na horizontal, vertical e diagonal que mostra os anéis da madeira e o cerne. No corte diagonal há uma etiqueta redonda com a inscrição &#8220;MTB2-439&#8221;. A madeira contém a casca da árvore.</p>
