{"id":11514,"date":"2021-11-30T21:28:06","date_gmt":"2021-11-30T23:28:06","guid":{"rendered":"https:\/\/museuflorestal.ambiente.sp.gov.br\/acervo\/?post_type=tnc_col_329_item&#038;p=11514"},"modified":"2021-11-30T21:28:08","modified_gmt":"2021-11-30T23:28:08","slug":"bisel-de-pau-rosa","status":"publish","type":"tnc_col_329_item","link":"https:\/\/museuflorestal.ambiente.sp.gov.br\/acervo\/museu-florestal-octavio-vecchi\/bisel-de-pau-rosa\/","title":{"rendered":"Bisel de pau-rosa"},"content":{"rendered":"<p>Amostra de madeira com corte em bisel, com corte na horizontal e vertical; n\u00e3o apresenta casca. Os cortes mostram o cerne da madeira, os veios e os an\u00e9is. No corte horizontal apresenta uma etiqueta branca com a inscri\u00e7\u00e3o &#8220;MTBZ-404&#8221;, e na face de baixo h\u00e1 uma tira de papel que cobre toda a face.<\/p>\n","protected":false},"featured_media":11515,"parent":0,"menu_order":0,"comment_status":"closed","ping_status":"closed","template":"","format":"standard","_links":{"self":[{"href":"https:\/\/museuflorestal.ambiente.sp.gov.br\/acervo\/wp-json\/wp\/v2\/tnc_col_329_item\/11514"}],"collection":[{"href":"https:\/\/museuflorestal.ambiente.sp.gov.br\/acervo\/wp-json\/wp\/v2\/tnc_col_329_item"}],"about":[{"href":"https:\/\/museuflorestal.ambiente.sp.gov.br\/acervo\/wp-json\/wp\/v2\/types\/tnc_col_329_item"}],"replies":[{"embeddable":true,"href":"https:\/\/museuflorestal.ambiente.sp.gov.br\/acervo\/wp-json\/wp\/v2\/comments?post=11514"}],"version-history":[{"count":0,"href":"https:\/\/museuflorestal.ambiente.sp.gov.br\/acervo\/wp-json\/wp\/v2\/tnc_col_329_item\/11514\/revisions"}],"wp:featuredmedia":[{"embeddable":true,"href":"https:\/\/museuflorestal.ambiente.sp.gov.br\/acervo\/wp-json\/wp\/v2\/media\/11515"}],"wp:attachment":[{"href":"https:\/\/museuflorestal.ambiente.sp.gov.br\/acervo\/wp-json\/wp\/v2\/media?parent=11514"}],"curies":[{"name":"wp","href":"https:\/\/api.w.org\/{rel}","templated":true}]}}

<p>Amostra de madeira com corte em bisel, com corte na horizontal e vertical; não apresenta casca. Os cortes mostram o cerne da madeira, os veios e os anéis. No corte horizontal apresenta uma etiqueta branca com a inscrição &#8220;MTBZ-404&#8221;, e na face de baixo há uma tira de papel que cobre toda a face.</p>
