{"id":11520,"date":"2021-11-30T21:28:16","date_gmt":"2021-11-30T23:28:16","guid":{"rendered":"https:\/\/museuflorestal.ambiente.sp.gov.br\/acervo\/?post_type=tnc_col_329_item&#038;p=11520"},"modified":"2021-11-30T21:28:19","modified_gmt":"2021-11-30T23:28:19","slug":"bisel-de-pinus-eliot","status":"publish","type":"tnc_col_329_item","link":"https:\/\/museuflorestal.ambiente.sp.gov.br\/acervo\/museu-florestal-octavio-vecchi\/bisel-de-pinus-eliot\/","title":{"rendered":"Bisel de pinus-eliot"},"content":{"rendered":"<p>Tronco de \u00e1rvore com corte em bisel, com a parte de cima plainada. Apresenta casca escura e espessa, em duas camadas; \u00e9 poss\u00edvel ver os an\u00e9is da madeira. Em uma extremidade do corte vertical h\u00e1 uma etiqueta retangular branca com a inscri\u00e7\u00e3o &#8220;MTB2-437&#8221;. Possui etiqueta de identifica\u00e7\u00e3o.<\/p>\n","protected":false},"featured_media":11521,"parent":0,"menu_order":0,"comment_status":"closed","ping_status":"closed","template":"","format":"standard","_links":{"self":[{"href":"https:\/\/museuflorestal.ambiente.sp.gov.br\/acervo\/wp-json\/wp\/v2\/tnc_col_329_item\/11520"}],"collection":[{"href":"https:\/\/museuflorestal.ambiente.sp.gov.br\/acervo\/wp-json\/wp\/v2\/tnc_col_329_item"}],"about":[{"href":"https:\/\/museuflorestal.ambiente.sp.gov.br\/acervo\/wp-json\/wp\/v2\/types\/tnc_col_329_item"}],"replies":[{"embeddable":true,"href":"https:\/\/museuflorestal.ambiente.sp.gov.br\/acervo\/wp-json\/wp\/v2\/comments?post=11520"}],"version-history":[{"count":0,"href":"https:\/\/museuflorestal.ambiente.sp.gov.br\/acervo\/wp-json\/wp\/v2\/tnc_col_329_item\/11520\/revisions"}],"wp:featuredmedia":[{"embeddable":true,"href":"https:\/\/museuflorestal.ambiente.sp.gov.br\/acervo\/wp-json\/wp\/v2\/media\/11521"}],"wp:attachment":[{"href":"https:\/\/museuflorestal.ambiente.sp.gov.br\/acervo\/wp-json\/wp\/v2\/media?parent=11520"}],"curies":[{"name":"wp","href":"https:\/\/api.w.org\/{rel}","templated":true}]}}

<p>Tronco de árvore com corte em bisel, com a parte de cima plainada. Apresenta casca escura e espessa, em duas camadas; é possível ver os anéis da madeira. Em uma extremidade do corte vertical há uma etiqueta retangular branca com a inscrição &#8220;MTB2-437&#8221;. Possui etiqueta de identificação.</p>
