{"id":11545,"date":"2021-11-30T21:29:03","date_gmt":"2021-11-30T23:29:03","guid":{"rendered":"https:\/\/museuflorestal.ambiente.sp.gov.br\/acervo\/?post_type=tnc_col_329_item&#038;p=11545"},"modified":"2021-11-30T21:29:06","modified_gmt":"2021-11-30T23:29:06","slug":"sem-titulo-paisagem","status":"publish","type":"tnc_col_329_item","link":"https:\/\/museuflorestal.ambiente.sp.gov.br\/acervo\/museu-florestal-octavio-vecchi\/sem-titulo-paisagem\/","title":{"rendered":"Sem t\u00edtulo (paisagem)"},"content":{"rendered":"<p>\u00d3leo sobre tela de paisagem com \u00e1rvore amarela ao centro, ruas de terra e casa ao fundo. No canto inferior direito h\u00e1 assinatura. No verso, tela fixada em chassi de madeira com pregos. Possui moldura desassociada de madeira e gesso, com detalhes em dourado.<\/p>\n","protected":false},"featured_media":11547,"parent":0,"menu_order":0,"comment_status":"closed","ping_status":"closed","template":"","format":"standard","_links":{"self":[{"href":"https:\/\/museuflorestal.ambiente.sp.gov.br\/acervo\/wp-json\/wp\/v2\/tnc_col_329_item\/11545"}],"collection":[{"href":"https:\/\/museuflorestal.ambiente.sp.gov.br\/acervo\/wp-json\/wp\/v2\/tnc_col_329_item"}],"about":[{"href":"https:\/\/museuflorestal.ambiente.sp.gov.br\/acervo\/wp-json\/wp\/v2\/types\/tnc_col_329_item"}],"replies":[{"embeddable":true,"href":"https:\/\/museuflorestal.ambiente.sp.gov.br\/acervo\/wp-json\/wp\/v2\/comments?post=11545"}],"version-history":[{"count":0,"href":"https:\/\/museuflorestal.ambiente.sp.gov.br\/acervo\/wp-json\/wp\/v2\/tnc_col_329_item\/11545\/revisions"}],"wp:featuredmedia":[{"embeddable":true,"href":"https:\/\/museuflorestal.ambiente.sp.gov.br\/acervo\/wp-json\/wp\/v2\/media\/11547"}],"wp:attachment":[{"href":"https:\/\/museuflorestal.ambiente.sp.gov.br\/acervo\/wp-json\/wp\/v2\/media?parent=11545"}],"curies":[{"name":"wp","href":"https:\/\/api.w.org\/{rel}","templated":true}]}}

Sem título (paisagem)

<p>Óleo sobre tela de paisagem com árvore amarela ao centro, ruas de terra e casa ao fundo. No canto inferior direito há assinatura. No verso, tela fixada em chassi de madeira com pregos. Possui moldura desassociada de madeira e gesso, com detalhes em dourado.</p>
