{"id":1164,"date":"2021-11-30T12:08:01","date_gmt":"2021-11-30T14:08:01","guid":{"rendered":"https:\/\/museuflorestal.ambiente.sp.gov.br\/acervo\/?post_type=tnc_col_329_item&#038;p=1164"},"modified":"2021-11-30T12:08:04","modified_gmt":"2021-11-30T14:08:04","slug":"armario-expositor","status":"publish","type":"tnc_col_329_item","link":"https:\/\/museuflorestal.ambiente.sp.gov.br\/acervo\/museu-florestal-octavio-vecchi\/armario-expositor\/","title":{"rendered":"Arm\u00e1rio expositor"},"content":{"rendered":"<p>Arm\u00e1rio de madeira na cor natural da madeira. Possui quatro prateleiras, duas portas de vidro com dobradi\u00e7as e fechaduras de metal. Na lateral superior direita h\u00e1 uma placa met\u00e1lica fixada por tachas com a inscri\u00e7\u00e3o &#8220;PSF765&#8221;, e na porta esquerda a inscri\u00e7\u00e3o &#8220;1&#8221;.<\/p>\n","protected":false},"featured_media":1166,"parent":0,"menu_order":0,"comment_status":"closed","ping_status":"closed","template":"","format":"standard","_links":{"self":[{"href":"https:\/\/museuflorestal.ambiente.sp.gov.br\/acervo\/wp-json\/wp\/v2\/tnc_col_329_item\/1164"}],"collection":[{"href":"https:\/\/museuflorestal.ambiente.sp.gov.br\/acervo\/wp-json\/wp\/v2\/tnc_col_329_item"}],"about":[{"href":"https:\/\/museuflorestal.ambiente.sp.gov.br\/acervo\/wp-json\/wp\/v2\/types\/tnc_col_329_item"}],"replies":[{"embeddable":true,"href":"https:\/\/museuflorestal.ambiente.sp.gov.br\/acervo\/wp-json\/wp\/v2\/comments?post=1164"}],"version-history":[{"count":0,"href":"https:\/\/museuflorestal.ambiente.sp.gov.br\/acervo\/wp-json\/wp\/v2\/tnc_col_329_item\/1164\/revisions"}],"wp:featuredmedia":[{"embeddable":true,"href":"https:\/\/museuflorestal.ambiente.sp.gov.br\/acervo\/wp-json\/wp\/v2\/media\/1166"}],"wp:attachment":[{"href":"https:\/\/museuflorestal.ambiente.sp.gov.br\/acervo\/wp-json\/wp\/v2\/media?parent=1164"}],"curies":[{"name":"wp","href":"https:\/\/api.w.org\/{rel}","templated":true}]}}

Armário expositor

<p>Armário de madeira na cor natural da madeira. Possui quatro prateleiras, duas portas de vidro com dobradiças e fechaduras de metal. Na lateral superior direita há uma placa metálica fixada por tachas com a inscrição &#8220;PSF765&#8221;, e na porta esquerda a inscrição &#8220;1&#8221;.</p>
