{"id":11739,"date":"2021-11-30T21:35:55","date_gmt":"2021-11-30T23:35:55","guid":{"rendered":"https:\/\/museuflorestal.ambiente.sp.gov.br\/acervo\/?post_type=tnc_col_329_item&#038;p=11739"},"modified":"2021-11-30T21:35:58","modified_gmt":"2021-11-30T23:35:58","slug":"recipiente-com-tampa","status":"publish","type":"tnc_col_329_item","link":"https:\/\/museuflorestal.ambiente.sp.gov.br\/acervo\/museu-florestal-octavio-vecchi\/recipiente-com-tampa\/","title":{"rendered":"Recipiente com tampa"},"content":{"rendered":"<p>Recipiente de madeira com tampa, na cor natural da madeira. Possui formato c\u00f4nico, tampa remov\u00edvel e puxador pontudo. Na parte inferior do pote, h\u00e1 a inscri\u00e7\u00e3o &#8220;OB-53&#8221; e a inscri\u00e7\u00e3o \u00e0 caneta &#8220;OB-53&#8221;.<\/p>\n","protected":false},"featured_media":11741,"parent":0,"menu_order":0,"comment_status":"closed","ping_status":"closed","template":"","format":"standard","_links":{"self":[{"href":"https:\/\/museuflorestal.ambiente.sp.gov.br\/acervo\/wp-json\/wp\/v2\/tnc_col_329_item\/11739"}],"collection":[{"href":"https:\/\/museuflorestal.ambiente.sp.gov.br\/acervo\/wp-json\/wp\/v2\/tnc_col_329_item"}],"about":[{"href":"https:\/\/museuflorestal.ambiente.sp.gov.br\/acervo\/wp-json\/wp\/v2\/types\/tnc_col_329_item"}],"replies":[{"embeddable":true,"href":"https:\/\/museuflorestal.ambiente.sp.gov.br\/acervo\/wp-json\/wp\/v2\/comments?post=11739"}],"version-history":[{"count":0,"href":"https:\/\/museuflorestal.ambiente.sp.gov.br\/acervo\/wp-json\/wp\/v2\/tnc_col_329_item\/11739\/revisions"}],"wp:featuredmedia":[{"embeddable":true,"href":"https:\/\/museuflorestal.ambiente.sp.gov.br\/acervo\/wp-json\/wp\/v2\/media\/11741"}],"wp:attachment":[{"href":"https:\/\/museuflorestal.ambiente.sp.gov.br\/acervo\/wp-json\/wp\/v2\/media?parent=11739"}],"curies":[{"name":"wp","href":"https:\/\/api.w.org\/{rel}","templated":true}]}}

<p>Recipiente de madeira com tampa, na cor natural da madeira. Possui formato cônico, tampa removível e puxador pontudo. Na parte inferior do pote, há a inscrição &#8220;OB-53&#8221; e a inscrição à caneta &#8220;OB-53&#8221;.</p>
