{"id":11745,"date":"2021-11-30T21:36:02","date_gmt":"2021-11-30T23:36:02","guid":{"rendered":"https:\/\/museuflorestal.ambiente.sp.gov.br\/acervo\/?post_type=tnc_col_329_item&#038;p=11745"},"modified":"2021-11-30T21:36:05","modified_gmt":"2021-11-30T23:36:05","slug":"recipiente-2","status":"publish","type":"tnc_col_329_item","link":"https:\/\/museuflorestal.ambiente.sp.gov.br\/acervo\/museu-florestal-octavio-vecchi\/recipiente-2\/","title":{"rendered":"Recipiente"},"content":{"rendered":"<p>Recipiente quadrado de madeira, na cor natural da madeira. Na parte superior possui cavidade c\u00f4ncava. Na parte inferior, h\u00e1 uma etiqueta com a inscri\u00e7\u00e3o&#8221;OB-117&#8243; e etiquetas ileg\u00edveis.<\/p>\n","protected":false},"featured_media":11746,"parent":0,"menu_order":0,"comment_status":"closed","ping_status":"closed","template":"","format":"standard","_links":{"self":[{"href":"https:\/\/museuflorestal.ambiente.sp.gov.br\/acervo\/wp-json\/wp\/v2\/tnc_col_329_item\/11745"}],"collection":[{"href":"https:\/\/museuflorestal.ambiente.sp.gov.br\/acervo\/wp-json\/wp\/v2\/tnc_col_329_item"}],"about":[{"href":"https:\/\/museuflorestal.ambiente.sp.gov.br\/acervo\/wp-json\/wp\/v2\/types\/tnc_col_329_item"}],"replies":[{"embeddable":true,"href":"https:\/\/museuflorestal.ambiente.sp.gov.br\/acervo\/wp-json\/wp\/v2\/comments?post=11745"}],"version-history":[{"count":0,"href":"https:\/\/museuflorestal.ambiente.sp.gov.br\/acervo\/wp-json\/wp\/v2\/tnc_col_329_item\/11745\/revisions"}],"wp:featuredmedia":[{"embeddable":true,"href":"https:\/\/museuflorestal.ambiente.sp.gov.br\/acervo\/wp-json\/wp\/v2\/media\/11746"}],"wp:attachment":[{"href":"https:\/\/museuflorestal.ambiente.sp.gov.br\/acervo\/wp-json\/wp\/v2\/media?parent=11745"}],"curies":[{"name":"wp","href":"https:\/\/api.w.org\/{rel}","templated":true}]}}

<p>Recipiente quadrado de madeira, na cor natural da madeira. Na parte superior possui cavidade côncava. Na parte inferior, há uma etiqueta com a inscrição&#8221;OB-117&#8243; e etiquetas ilegíveis.</p>
