{"id":11958,"date":"2021-11-30T21:42:00","date_gmt":"2021-11-30T23:42:00","guid":{"rendered":"https:\/\/museuflorestal.ambiente.sp.gov.br\/acervo\/?post_type=tnc_col_329_item&#038;p=11958"},"modified":"2021-11-30T21:42:03","modified_gmt":"2021-11-30T23:42:03","slug":"placa-entalhada","status":"publish","type":"tnc_col_329_item","link":"https:\/\/museuflorestal.ambiente.sp.gov.br\/acervo\/museu-florestal-octavio-vecchi\/placa-entalhada\/","title":{"rendered":"Placa entalhada"},"content":{"rendered":"<p>Placa de madeira retangular, na cor natural da madeira. Possui as bordas levemente levantadas. Na face superior h\u00e1 entalhe de folhas, cobras e um peru. No topo h\u00e1 inscri\u00e7\u00e3o ileg\u00edvel. No verso h\u00e1 inscri\u00e7\u00e3o em l\u00edngua estrangeira e &#8220;2002&#8221;.<\/p>\n","protected":false},"featured_media":11959,"parent":0,"menu_order":0,"comment_status":"closed","ping_status":"closed","template":"","format":"standard","_links":{"self":[{"href":"https:\/\/museuflorestal.ambiente.sp.gov.br\/acervo\/wp-json\/wp\/v2\/tnc_col_329_item\/11958"}],"collection":[{"href":"https:\/\/museuflorestal.ambiente.sp.gov.br\/acervo\/wp-json\/wp\/v2\/tnc_col_329_item"}],"about":[{"href":"https:\/\/museuflorestal.ambiente.sp.gov.br\/acervo\/wp-json\/wp\/v2\/types\/tnc_col_329_item"}],"replies":[{"embeddable":true,"href":"https:\/\/museuflorestal.ambiente.sp.gov.br\/acervo\/wp-json\/wp\/v2\/comments?post=11958"}],"version-history":[{"count":0,"href":"https:\/\/museuflorestal.ambiente.sp.gov.br\/acervo\/wp-json\/wp\/v2\/tnc_col_329_item\/11958\/revisions"}],"wp:featuredmedia":[{"embeddable":true,"href":"https:\/\/museuflorestal.ambiente.sp.gov.br\/acervo\/wp-json\/wp\/v2\/media\/11959"}],"wp:attachment":[{"href":"https:\/\/museuflorestal.ambiente.sp.gov.br\/acervo\/wp-json\/wp\/v2\/media?parent=11958"}],"curies":[{"name":"wp","href":"https:\/\/api.w.org\/{rel}","templated":true}]}}

<p>Placa de madeira retangular, na cor natural da madeira. Possui as bordas levemente levantadas. Na face superior há entalhe de folhas, cobras e um peru. No topo há inscrição ilegível. No verso há inscrição em língua estrangeira e &#8220;2002&#8221;.</p>
