{"id":11972,"date":"2021-11-30T21:42:18","date_gmt":"2021-11-30T23:42:18","guid":{"rendered":"https:\/\/museuflorestal.ambiente.sp.gov.br\/acervo\/?post_type=tnc_col_329_item&#038;p=11972"},"modified":"2021-11-30T21:42:21","modified_gmt":"2021-11-30T23:42:21","slug":"plaina-sem-lamina-2","status":"publish","type":"tnc_col_329_item","link":"https:\/\/museuflorestal.ambiente.sp.gov.br\/acervo\/museu-florestal-octavio-vecchi\/plaina-sem-lamina-2\/","title":{"rendered":"Plaina sem l\u00e2mina"},"content":{"rendered":"<p>Plaina retangular de madeira, sem l\u00e2mina. Em uma das laterais h\u00e1 um v\u00e3o que atravessa a pe\u00e7a e etiqueta com a inscri\u00e7\u00e3o &#8220;7&#8221;.<\/p>\n","protected":false},"featured_media":11973,"parent":0,"menu_order":0,"comment_status":"closed","ping_status":"closed","template":"","format":"standard","_links":{"self":[{"href":"https:\/\/museuflorestal.ambiente.sp.gov.br\/acervo\/wp-json\/wp\/v2\/tnc_col_329_item\/11972"}],"collection":[{"href":"https:\/\/museuflorestal.ambiente.sp.gov.br\/acervo\/wp-json\/wp\/v2\/tnc_col_329_item"}],"about":[{"href":"https:\/\/museuflorestal.ambiente.sp.gov.br\/acervo\/wp-json\/wp\/v2\/types\/tnc_col_329_item"}],"replies":[{"embeddable":true,"href":"https:\/\/museuflorestal.ambiente.sp.gov.br\/acervo\/wp-json\/wp\/v2\/comments?post=11972"}],"version-history":[{"count":0,"href":"https:\/\/museuflorestal.ambiente.sp.gov.br\/acervo\/wp-json\/wp\/v2\/tnc_col_329_item\/11972\/revisions"}],"wp:featuredmedia":[{"embeddable":true,"href":"https:\/\/museuflorestal.ambiente.sp.gov.br\/acervo\/wp-json\/wp\/v2\/media\/11973"}],"wp:attachment":[{"href":"https:\/\/museuflorestal.ambiente.sp.gov.br\/acervo\/wp-json\/wp\/v2\/media?parent=11972"}],"curies":[{"name":"wp","href":"https:\/\/api.w.org\/{rel}","templated":true}]}}

Plaina sem lâmina

<p>Plaina retangular de madeira, sem lâmina. Em uma das laterais há um vão que atravessa a peça e etiqueta com a inscrição &#8220;7&#8221;.</p>
