{"id":11977,"date":"2021-11-30T21:42:23","date_gmt":"2021-11-30T23:42:23","guid":{"rendered":"https:\/\/museuflorestal.ambiente.sp.gov.br\/acervo\/?post_type=tnc_col_329_item&#038;p=11977"},"modified":"2021-11-30T21:42:25","modified_gmt":"2021-11-30T23:42:25","slug":"ferramenta-para-descascar-arvores","status":"publish","type":"tnc_col_329_item","link":"https:\/\/museuflorestal.ambiente.sp.gov.br\/acervo\/museu-florestal-octavio-vecchi\/ferramenta-para-descascar-arvores\/","title":{"rendered":"Ferramenta para descascar \u00e1rvores"},"content":{"rendered":"<p>Ferramenta composta de l\u00e2mina de metal com dois cabos de madeira em cada lateral. Em um dos cabos h\u00e1 uma etiqueta com a inscri\u00e7\u00e3o &#8220;FR-5&#8221;.<\/p>\n","protected":false},"featured_media":11979,"parent":0,"menu_order":0,"comment_status":"closed","ping_status":"closed","template":"","format":"standard","_links":{"self":[{"href":"https:\/\/museuflorestal.ambiente.sp.gov.br\/acervo\/wp-json\/wp\/v2\/tnc_col_329_item\/11977"}],"collection":[{"href":"https:\/\/museuflorestal.ambiente.sp.gov.br\/acervo\/wp-json\/wp\/v2\/tnc_col_329_item"}],"about":[{"href":"https:\/\/museuflorestal.ambiente.sp.gov.br\/acervo\/wp-json\/wp\/v2\/types\/tnc_col_329_item"}],"replies":[{"embeddable":true,"href":"https:\/\/museuflorestal.ambiente.sp.gov.br\/acervo\/wp-json\/wp\/v2\/comments?post=11977"}],"version-history":[{"count":0,"href":"https:\/\/museuflorestal.ambiente.sp.gov.br\/acervo\/wp-json\/wp\/v2\/tnc_col_329_item\/11977\/revisions"}],"wp:featuredmedia":[{"embeddable":true,"href":"https:\/\/museuflorestal.ambiente.sp.gov.br\/acervo\/wp-json\/wp\/v2\/media\/11979"}],"wp:attachment":[{"href":"https:\/\/museuflorestal.ambiente.sp.gov.br\/acervo\/wp-json\/wp\/v2\/media?parent=11977"}],"curies":[{"name":"wp","href":"https:\/\/api.w.org\/{rel}","templated":true}]}}

Ferramenta para descascar árvores

<p>Ferramenta composta de lâmina de metal com dois cabos de madeira em cada lateral. Em um dos cabos há uma etiqueta com a inscrição &#8220;FR-5&#8221;.</p>
