{"id":12169,"date":"2021-11-30T21:46:18","date_gmt":"2021-11-30T23:46:18","guid":{"rendered":"https:\/\/museuflorestal.ambiente.sp.gov.br\/acervo\/?post_type=tnc_col_329_item&#038;p=12169"},"modified":"2021-11-30T21:46:19","modified_gmt":"2021-11-30T23:46:19","slug":"retrato-de-homem","status":"publish","type":"tnc_col_329_item","link":"https:\/\/museuflorestal.ambiente.sp.gov.br\/acervo\/museu-florestal-octavio-vecchi\/retrato-de-homem\/","title":{"rendered":"Retrato de homem"},"content":{"rendered":"<p>\u00d3leo sobre tela de homem de cabelos e bigodes pretos, trajando terno, colete e gravata, com a m\u00e3o esquerda no bolso e a direita segurando um rel\u00f3gio de bolso. No canto inferior esquerdo, h\u00e1 a inscri\u00e7\u00e3o &#8220;Atelier Rossi e Cerri&#8221;. No verso, chassi de madeira.<\/p>\n","protected":false},"featured_media":12171,"parent":0,"menu_order":0,"comment_status":"closed","ping_status":"closed","template":"","format":"standard","_links":{"self":[{"href":"https:\/\/museuflorestal.ambiente.sp.gov.br\/acervo\/wp-json\/wp\/v2\/tnc_col_329_item\/12169"}],"collection":[{"href":"https:\/\/museuflorestal.ambiente.sp.gov.br\/acervo\/wp-json\/wp\/v2\/tnc_col_329_item"}],"about":[{"href":"https:\/\/museuflorestal.ambiente.sp.gov.br\/acervo\/wp-json\/wp\/v2\/types\/tnc_col_329_item"}],"replies":[{"embeddable":true,"href":"https:\/\/museuflorestal.ambiente.sp.gov.br\/acervo\/wp-json\/wp\/v2\/comments?post=12169"}],"version-history":[{"count":0,"href":"https:\/\/museuflorestal.ambiente.sp.gov.br\/acervo\/wp-json\/wp\/v2\/tnc_col_329_item\/12169\/revisions"}],"wp:featuredmedia":[{"embeddable":true,"href":"https:\/\/museuflorestal.ambiente.sp.gov.br\/acervo\/wp-json\/wp\/v2\/media\/12171"}],"wp:attachment":[{"href":"https:\/\/museuflorestal.ambiente.sp.gov.br\/acervo\/wp-json\/wp\/v2\/media?parent=12169"}],"curies":[{"name":"wp","href":"https:\/\/api.w.org\/{rel}","templated":true}]}}

<p>Óleo sobre tela de homem de cabelos e bigodes pretos, trajando terno, colete e gravata, com a mão esquerda no bolso e a direita segurando um relógio de bolso. No canto inferior esquerdo, há a inscrição &#8220;Atelier Rossi e Cerri&#8221;. No verso, chassi de madeira.</p>
