{"id":12179,"date":"2021-11-30T21:46:32","date_gmt":"2021-11-30T23:46:32","guid":{"rendered":"https:\/\/museuflorestal.ambiente.sp.gov.br\/acervo\/?post_type=tnc_col_329_item&#038;p=12179"},"modified":"2021-11-30T21:46:33","modified_gmt":"2021-11-30T23:46:33","slug":"distribuicao-das-mudas-1911-a-1920","status":"publish","type":"tnc_col_329_item","link":"https:\/\/museuflorestal.ambiente.sp.gov.br\/acervo\/museu-florestal-octavio-vecchi\/distribuicao-das-mudas-1911-a-1920\/","title":{"rendered":"Distribui\u00e7\u00e3o das mudas &#8211; 1911 a 1920"},"content":{"rendered":"<p>Ilustra\u00e7\u00e3o de gr\u00e1fico da quantidade de mudas de acordo com os anos. No topo, a inscri\u00e7\u00e3o &#8220;Servi\u00e7o Florestal do Estado de S\u00e3o Paulo, Distribui\u00e7\u00e3o de mudas de 1911 a 1920&#8221;. Nas bordas h\u00e1 desenhos de \u00e1rvores. Abaixo do desenho h\u00e1 a assinatura &#8220;Mansueto Kosciski &#8211; S\u00e3o Paulo &#8211; 10. 30&#8221;. Ilustra\u00e7\u00e3o est\u00e1 sob vidro e com moldura de madeira. No verso h\u00e1 uma placa de metal fixada por dois pregos com a inscri\u00e7\u00e3o &#8220;PSF984&#8221;.<\/p>\n","protected":false},"featured_media":12183,"parent":0,"menu_order":0,"comment_status":"closed","ping_status":"closed","template":"","format":"standard","_links":{"self":[{"href":"https:\/\/museuflorestal.ambiente.sp.gov.br\/acervo\/wp-json\/wp\/v2\/tnc_col_329_item\/12179"}],"collection":[{"href":"https:\/\/museuflorestal.ambiente.sp.gov.br\/acervo\/wp-json\/wp\/v2\/tnc_col_329_item"}],"about":[{"href":"https:\/\/museuflorestal.ambiente.sp.gov.br\/acervo\/wp-json\/wp\/v2\/types\/tnc_col_329_item"}],"replies":[{"embeddable":true,"href":"https:\/\/museuflorestal.ambiente.sp.gov.br\/acervo\/wp-json\/wp\/v2\/comments?post=12179"}],"version-history":[{"count":0,"href":"https:\/\/museuflorestal.ambiente.sp.gov.br\/acervo\/wp-json\/wp\/v2\/tnc_col_329_item\/12179\/revisions"}],"wp:featuredmedia":[{"embeddable":true,"href":"https:\/\/museuflorestal.ambiente.sp.gov.br\/acervo\/wp-json\/wp\/v2\/media\/12183"}],"wp:attachment":[{"href":"https:\/\/museuflorestal.ambiente.sp.gov.br\/acervo\/wp-json\/wp\/v2\/media?parent=12179"}],"curies":[{"name":"wp","href":"https:\/\/api.w.org\/{rel}","templated":true}]}}

Distribuição das mudas &#8211; 1911 a 1920

<p>Ilustração de gráfico da quantidade de mudas de acordo com os anos. No topo, a inscrição &#8220;Serviço Florestal do Estado de São Paulo, Distribuição de mudas de 1911 a 1920&#8221;. Nas bordas há desenhos de árvores. Abaixo do desenho há a assinatura &#8220;Mansueto Kosciski &#8211; São Paulo &#8211; 10. 30&#8221;. Ilustração está sob vidro e com moldura de madeira. No verso há uma placa de metal fixada por dois pregos com a inscrição &#8220;PSF984&#8221;.</p>
