{"id":12195,"date":"2021-11-30T21:46:49","date_gmt":"2021-11-30T23:46:49","guid":{"rendered":"https:\/\/museuflorestal.ambiente.sp.gov.br\/acervo\/?post_type=tnc_col_329_item&#038;p=12195"},"modified":"2021-11-30T21:46:50","modified_gmt":"2021-11-30T23:46:50","slug":"gran-premio-torino-mcmxi-esposizione-internazionale-delle-indvstrie-e-del-lavoro","status":"publish","type":"tnc_col_329_item","link":"https:\/\/museuflorestal.ambiente.sp.gov.br\/acervo\/museu-florestal-octavio-vecchi\/gran-premio-torino-mcmxi-esposizione-internazionale-delle-indvstrie-e-del-lavoro\/","title":{"rendered":"Gran Premio Torino MCMXI Esposizione Internazionale delle Indvstrie e del Lavoro"},"content":{"rendered":"<p>Placa de bronze com dois anjos em relevo segurando a placa &#8220;Horto Bot\u00e2nico &#8211; e Florestal &#8211; de S\u00e3o Paulo -&#8220;. Em baixo se l\u00ea &#8220;Gran Premio Torino MCMXI Esposizione Internazionale delle Indvstrie e del Lavoro&#8221;, tamb\u00e9m em relevo. Na lateral direita h\u00e1 a assinatura &#8220;Rubino&#8221;. A placa est\u00e1 sob moldura de madeira com entalhes alongados e curvos. Na parte superior da moldura h\u00e1 uma placa de metal fixada por tachas com a inscri\u00e7\u00e3o &#8220;IF00011&#8221;. Na lateral da moldura, etiqueta com a inscri\u00e7\u00e3o &#8220;OB-102&#8221;. No verso, dois ganchos de metal com corda.<\/p>\n","protected":false},"featured_media":0,"parent":0,"menu_order":0,"comment_status":"closed","ping_status":"closed","template":"","format":"standard","_links":{"self":[{"href":"https:\/\/museuflorestal.ambiente.sp.gov.br\/acervo\/wp-json\/wp\/v2\/tnc_col_329_item\/12195"}],"collection":[{"href":"https:\/\/museuflorestal.ambiente.sp.gov.br\/acervo\/wp-json\/wp\/v2\/tnc_col_329_item"}],"about":[{"href":"https:\/\/museuflorestal.ambiente.sp.gov.br\/acervo\/wp-json\/wp\/v2\/types\/tnc_col_329_item"}],"replies":[{"embeddable":true,"href":"https:\/\/museuflorestal.ambiente.sp.gov.br\/acervo\/wp-json\/wp\/v2\/comments?post=12195"}],"version-history":[{"count":0,"href":"https:\/\/museuflorestal.ambiente.sp.gov.br\/acervo\/wp-json\/wp\/v2\/tnc_col_329_item\/12195\/revisions"}],"wp:attachment":[{"href":"https:\/\/museuflorestal.ambiente.sp.gov.br\/acervo\/wp-json\/wp\/v2\/media?parent=12195"}],"curies":[{"name":"wp","href":"https:\/\/api.w.org\/{rel}","templated":true}]}}

<p>Placa de bronze com dois anjos em relevo segurando a placa &#8220;Horto Botânico &#8211; e Florestal &#8211; de São Paulo -&#8220;. Em baixo se lê &#8220;Gran Premio Torino MCMXI Esposizione Internazionale delle Indvstrie e del Lavoro&#8221;, também em relevo. Na lateral direita há a assinatura &#8220;Rubino&#8221;. A placa está sob moldura de madeira com entalhes alongados e curvos. Na parte superior da moldura há uma placa de metal fixada por tachas com a inscrição &#8220;IF00011&#8221;. Na lateral da moldura, etiqueta com a inscrição &#8220;OB-102&#8221;. No verso, dois ganchos de metal com corda.</p>
