{"id":12238,"date":"2021-11-30T21:47:41","date_gmt":"2021-11-30T23:47:41","guid":{"rendered":"https:\/\/museuflorestal.ambiente.sp.gov.br\/acervo\/?post_type=tnc_col_329_item&#038;p=12238"},"modified":"2022-01-14T14:02:59","modified_gmt":"2022-01-14T17:02:59","slug":"moldura-de-ipe-do-brejo","status":"publish","type":"tnc_col_329_item","link":"https:\/\/museuflorestal.ambiente.sp.gov.br\/acervo\/museu-florestal-octavio-vecchi\/moldura-de-ipe-do-brejo\/","title":{"rendered":"Moldura de ip\u00ea-do-brejo"},"content":{"rendered":"<p>Moldura retangular de madeira, com acabamentos piramidais em cada canto. Na trave inferior h\u00e1 uma placa de metal com a inscri\u00e7\u00e3o &#8220;Yp\u00ea do brejo&#8221;. No canto inferior direito, h\u00e1 uma etiqueta com a inscri\u00e7\u00e3o &#8220;P-21&#8221;. Em uma das laterais h\u00e1 uma placa de metal fixada por tachas com a inscri\u00e7\u00e3o &#8220;PSF882&#8221;. No verso h\u00e1 dois ganchos de metal ligados por um fio de arame.<\/p>\n","protected":false},"featured_media":12246,"parent":0,"menu_order":0,"comment_status":"closed","ping_status":"closed","template":"","format":"standard","_links":{"self":[{"href":"https:\/\/museuflorestal.ambiente.sp.gov.br\/acervo\/wp-json\/wp\/v2\/tnc_col_329_item\/12238"}],"collection":[{"href":"https:\/\/museuflorestal.ambiente.sp.gov.br\/acervo\/wp-json\/wp\/v2\/tnc_col_329_item"}],"about":[{"href":"https:\/\/museuflorestal.ambiente.sp.gov.br\/acervo\/wp-json\/wp\/v2\/types\/tnc_col_329_item"}],"replies":[{"embeddable":true,"href":"https:\/\/museuflorestal.ambiente.sp.gov.br\/acervo\/wp-json\/wp\/v2\/comments?post=12238"}],"version-history":[{"count":1,"href":"https:\/\/museuflorestal.ambiente.sp.gov.br\/acervo\/wp-json\/wp\/v2\/tnc_col_329_item\/12238\/revisions"}],"predecessor-version":[{"id":22620,"href":"https:\/\/museuflorestal.ambiente.sp.gov.br\/acervo\/wp-json\/wp\/v2\/tnc_col_329_item\/12238\/revisions\/22620"}],"wp:featuredmedia":[{"embeddable":true,"href":"https:\/\/museuflorestal.ambiente.sp.gov.br\/acervo\/wp-json\/wp\/v2\/media\/12246"}],"wp:attachment":[{"href":"https:\/\/museuflorestal.ambiente.sp.gov.br\/acervo\/wp-json\/wp\/v2\/media?parent=12238"}],"curies":[{"name":"wp","href":"https:\/\/api.w.org\/{rel}","templated":true}]}}

Moldura de ipê-do-brejo

<p>Moldura retangular de madeira, com acabamentos piramidais em cada canto. Na trave inferior há uma placa de metal com a inscrição &#8220;Ypê do brejo&#8221;. No canto inferior direito, há uma etiqueta com a inscrição &#8220;P-21&#8221;. Em uma das laterais há uma placa de metal fixada por tachas com a inscrição &#8220;PSF882&#8221;. No verso há dois ganchos de metal ligados por um fio de arame.</p>
