{"id":12250,"date":"2021-11-30T21:47:49","date_gmt":"2021-11-30T23:47:49","guid":{"rendered":"https:\/\/museuflorestal.ambiente.sp.gov.br\/acervo\/?post_type=tnc_col_329_item&#038;p=12250"},"modified":"2021-11-30T21:47:51","modified_gmt":"2021-11-30T23:47:51","slug":"moldura-de-feijao-bravo","status":"publish","type":"tnc_col_329_item","link":"https:\/\/museuflorestal.ambiente.sp.gov.br\/acervo\/museu-florestal-octavio-vecchi\/moldura-de-feijao-bravo\/","title":{"rendered":"Moldura de feij\u00e3o-bravo"},"content":{"rendered":"<p>Moldura retangular de madeira com acabamentos piramidais nos cantos. Na trave inferior h\u00e1 uma placa de metal com a inscri\u00e7\u00e3o &#8220;Feij\u00e3o bravo&#8221;. No canto inferior esquerdo h\u00e1 uma etiqueta com a inscri\u00e7\u00e3o &#8220;P17&#8221;. Em uma das laterais h\u00e1 uma placa de metal fixada por pregos com a inscri\u00e7\u00e3o &#8220;PSF878&#8221;.<\/p>\n","protected":false},"featured_media":12252,"parent":0,"menu_order":0,"comment_status":"closed","ping_status":"closed","template":"","format":"standard","_links":{"self":[{"href":"https:\/\/museuflorestal.ambiente.sp.gov.br\/acervo\/wp-json\/wp\/v2\/tnc_col_329_item\/12250"}],"collection":[{"href":"https:\/\/museuflorestal.ambiente.sp.gov.br\/acervo\/wp-json\/wp\/v2\/tnc_col_329_item"}],"about":[{"href":"https:\/\/museuflorestal.ambiente.sp.gov.br\/acervo\/wp-json\/wp\/v2\/types\/tnc_col_329_item"}],"replies":[{"embeddable":true,"href":"https:\/\/museuflorestal.ambiente.sp.gov.br\/acervo\/wp-json\/wp\/v2\/comments?post=12250"}],"version-history":[{"count":0,"href":"https:\/\/museuflorestal.ambiente.sp.gov.br\/acervo\/wp-json\/wp\/v2\/tnc_col_329_item\/12250\/revisions"}],"wp:featuredmedia":[{"embeddable":true,"href":"https:\/\/museuflorestal.ambiente.sp.gov.br\/acervo\/wp-json\/wp\/v2\/media\/12252"}],"wp:attachment":[{"href":"https:\/\/museuflorestal.ambiente.sp.gov.br\/acervo\/wp-json\/wp\/v2\/media?parent=12250"}],"curies":[{"name":"wp","href":"https:\/\/api.w.org\/{rel}","templated":true}]}}

Moldura de feijão-bravo

<p>Moldura retangular de madeira com acabamentos piramidais nos cantos. Na trave inferior há uma placa de metal com a inscrição &#8220;Feijão bravo&#8221;. No canto inferior esquerdo há uma etiqueta com a inscrição &#8220;P17&#8221;. Em uma das laterais há uma placa de metal fixada por pregos com a inscrição &#8220;PSF878&#8221;.</p>
