{"id":12260,"date":"2021-11-30T21:48:02","date_gmt":"2021-11-30T23:48:02","guid":{"rendered":"https:\/\/museuflorestal.ambiente.sp.gov.br\/acervo\/?post_type=tnc_col_329_item&#038;p=12260"},"modified":"2021-11-30T21:48:07","modified_gmt":"2021-11-30T23:48:07","slug":"moldura-de-suina","status":"publish","type":"tnc_col_329_item","link":"https:\/\/museuflorestal.ambiente.sp.gov.br\/acervo\/museu-florestal-octavio-vecchi\/moldura-de-suina\/","title":{"rendered":"Moldura de suin\u00e3"},"content":{"rendered":"<p>Moldura retangular de madeira com acabamentos piramidais nos cantos. Na trave inferior h\u00e1 uma placa de metal com a inscri\u00e7\u00e3o &#8221; Suinan&#8221;. No canto inferior direito h\u00e1 uma etiqueta com a inscri\u00e7\u00e3o &#8220;P-18&#8221;. Em uma das laterais h\u00e1 uma placa de metal fixada por pregos com a inscri\u00e7\u00e3o &#8220;PSF879. &#8221; No verso h\u00e1 dois ganchos de metal.<\/p>\n","protected":false},"featured_media":12262,"parent":0,"menu_order":0,"comment_status":"closed","ping_status":"closed","template":"","format":"standard","_links":{"self":[{"href":"https:\/\/museuflorestal.ambiente.sp.gov.br\/acervo\/wp-json\/wp\/v2\/tnc_col_329_item\/12260"}],"collection":[{"href":"https:\/\/museuflorestal.ambiente.sp.gov.br\/acervo\/wp-json\/wp\/v2\/tnc_col_329_item"}],"about":[{"href":"https:\/\/museuflorestal.ambiente.sp.gov.br\/acervo\/wp-json\/wp\/v2\/types\/tnc_col_329_item"}],"replies":[{"embeddable":true,"href":"https:\/\/museuflorestal.ambiente.sp.gov.br\/acervo\/wp-json\/wp\/v2\/comments?post=12260"}],"version-history":[{"count":0,"href":"https:\/\/museuflorestal.ambiente.sp.gov.br\/acervo\/wp-json\/wp\/v2\/tnc_col_329_item\/12260\/revisions"}],"wp:featuredmedia":[{"embeddable":true,"href":"https:\/\/museuflorestal.ambiente.sp.gov.br\/acervo\/wp-json\/wp\/v2\/media\/12262"}],"wp:attachment":[{"href":"https:\/\/museuflorestal.ambiente.sp.gov.br\/acervo\/wp-json\/wp\/v2\/media?parent=12260"}],"curies":[{"name":"wp","href":"https:\/\/api.w.org\/{rel}","templated":true}]}}

Moldura de suinã

<p>Moldura retangular de madeira com acabamentos piramidais nos cantos. Na trave inferior há uma placa de metal com a inscrição &#8221; Suinan&#8221;. No canto inferior direito há uma etiqueta com a inscrição &#8220;P-18&#8221;. Em uma das laterais há uma placa de metal fixada por pregos com a inscrição &#8220;PSF879. &#8221; No verso há dois ganchos de metal.</p>
