{"id":12268,"date":"2021-11-30T21:48:14","date_gmt":"2021-11-30T23:48:14","guid":{"rendered":"https:\/\/museuflorestal.ambiente.sp.gov.br\/acervo\/?post_type=tnc_col_329_item&#038;p=12268"},"modified":"2021-11-30T21:48:15","modified_gmt":"2021-11-30T23:48:15","slug":"fotopintura-de-doutor-cabral","status":"publish","type":"tnc_col_329_item","link":"https:\/\/museuflorestal.ambiente.sp.gov.br\/acervo\/museu-florestal-octavio-vecchi\/fotopintura-de-doutor-cabral\/","title":{"rendered":"Fotopintura de &#8220;Doutor Cabral&#8221;"},"content":{"rendered":"<p>Fotopintura de retrato de homem calvo, trajando terno, com bra\u00e7os cruzados e anel no dedo anelar esquerdo. Obra com moldura de madeira de centro oval com entalhes arabescos nos cantos. Na parte inferior da moldura h\u00e1 uma etiqueta com a inscri\u00e7\u00e3o &#8220;P-30&#8221;. O verso possui fundo fixado com pregos, dois ganchos de metal com corda e etiqueta &#8220;34&#8221;. Na lateral inferior h\u00e1 uma placa fixada por tachas com a inscri\u00e7\u00e3o &#8220;PSF1273&#8221;.<\/p>\n","protected":false},"featured_media":12272,"parent":0,"menu_order":0,"comment_status":"closed","ping_status":"closed","template":"","format":"standard","_links":{"self":[{"href":"https:\/\/museuflorestal.ambiente.sp.gov.br\/acervo\/wp-json\/wp\/v2\/tnc_col_329_item\/12268"}],"collection":[{"href":"https:\/\/museuflorestal.ambiente.sp.gov.br\/acervo\/wp-json\/wp\/v2\/tnc_col_329_item"}],"about":[{"href":"https:\/\/museuflorestal.ambiente.sp.gov.br\/acervo\/wp-json\/wp\/v2\/types\/tnc_col_329_item"}],"replies":[{"embeddable":true,"href":"https:\/\/museuflorestal.ambiente.sp.gov.br\/acervo\/wp-json\/wp\/v2\/comments?post=12268"}],"version-history":[{"count":0,"href":"https:\/\/museuflorestal.ambiente.sp.gov.br\/acervo\/wp-json\/wp\/v2\/tnc_col_329_item\/12268\/revisions"}],"wp:featuredmedia":[{"embeddable":true,"href":"https:\/\/museuflorestal.ambiente.sp.gov.br\/acervo\/wp-json\/wp\/v2\/media\/12272"}],"wp:attachment":[{"href":"https:\/\/museuflorestal.ambiente.sp.gov.br\/acervo\/wp-json\/wp\/v2\/media?parent=12268"}],"curies":[{"name":"wp","href":"https:\/\/api.w.org\/{rel}","templated":true}]}}

<p>Fotopintura de retrato de homem calvo, trajando terno, com braços cruzados e anel no dedo anelar esquerdo. Obra com moldura de madeira de centro oval com entalhes arabescos nos cantos. Na parte inferior da moldura há uma etiqueta com a inscrição &#8220;P-30&#8221;. O verso possui fundo fixado com pregos, dois ganchos de metal com corda e etiqueta &#8220;34&#8221;. Na lateral inferior há uma placa fixada por tachas com a inscrição &#8220;PSF1273&#8221;.</p>
