{"id":12274,"date":"2021-11-30T21:48:19","date_gmt":"2021-11-30T23:48:19","guid":{"rendered":"https:\/\/museuflorestal.ambiente.sp.gov.br\/acervo\/?post_type=tnc_col_329_item&#038;p=12274"},"modified":"2021-11-30T21:48:20","modified_gmt":"2021-11-30T23:48:20","slug":"fotopintura-de-navarro-de-andrade","status":"publish","type":"tnc_col_329_item","link":"https:\/\/museuflorestal.ambiente.sp.gov.br\/acervo\/museu-florestal-octavio-vecchi\/fotopintura-de-navarro-de-andrade\/","title":{"rendered":"Fotopintura de &#8220;Navarro de Andrade&#8221;"},"content":{"rendered":"<p>Fotopintura de retrato de Navarro de Andrade. Est\u00e1 sob moldura de madeira com entalhes arabescos nos cantos e vidro. O verso possui fundo fixado por pregos e dois ganchos com corda. Na lateral inferior da moldura h\u00e1 uma placa de metal fixada por tachas com a inscri\u00e7\u00e3o &#8220;PSF1272&#8221;.<\/p>\n","protected":false},"featured_media":12276,"parent":0,"menu_order":0,"comment_status":"closed","ping_status":"closed","template":"","format":"standard","_links":{"self":[{"href":"https:\/\/museuflorestal.ambiente.sp.gov.br\/acervo\/wp-json\/wp\/v2\/tnc_col_329_item\/12274"}],"collection":[{"href":"https:\/\/museuflorestal.ambiente.sp.gov.br\/acervo\/wp-json\/wp\/v2\/tnc_col_329_item"}],"about":[{"href":"https:\/\/museuflorestal.ambiente.sp.gov.br\/acervo\/wp-json\/wp\/v2\/types\/tnc_col_329_item"}],"replies":[{"embeddable":true,"href":"https:\/\/museuflorestal.ambiente.sp.gov.br\/acervo\/wp-json\/wp\/v2\/comments?post=12274"}],"version-history":[{"count":0,"href":"https:\/\/museuflorestal.ambiente.sp.gov.br\/acervo\/wp-json\/wp\/v2\/tnc_col_329_item\/12274\/revisions"}],"wp:featuredmedia":[{"embeddable":true,"href":"https:\/\/museuflorestal.ambiente.sp.gov.br\/acervo\/wp-json\/wp\/v2\/media\/12276"}],"wp:attachment":[{"href":"https:\/\/museuflorestal.ambiente.sp.gov.br\/acervo\/wp-json\/wp\/v2\/media?parent=12274"}],"curies":[{"name":"wp","href":"https:\/\/api.w.org\/{rel}","templated":true}]}}

<p>Fotopintura de retrato de Navarro de Andrade. Está sob moldura de madeira com entalhes arabescos nos cantos e vidro. O verso possui fundo fixado por pregos e dois ganchos com corda. Na lateral inferior da moldura há uma placa de metal fixada por tachas com a inscrição &#8220;PSF1272&#8221;.</p>
