{"id":12312,"date":"2021-11-30T21:48:57","date_gmt":"2021-11-30T23:48:57","guid":{"rendered":"https:\/\/museuflorestal.ambiente.sp.gov.br\/acervo\/?post_type=tnc_col_329_item&#038;p=12312"},"modified":"2021-11-30T21:49:00","modified_gmt":"2021-11-30T23:49:00","slug":"prato-de-madeira-4","status":"publish","type":"tnc_col_329_item","link":"https:\/\/museuflorestal.ambiente.sp.gov.br\/acervo\/museu-florestal-octavio-vecchi\/prato-de-madeira-4\/","title":{"rendered":"Prato de madeira"},"content":{"rendered":"<p>Prato de madeira, na cor natural da madeira. Na parte interna h\u00e1 uma placa fixada por dois pregos, com a inscri\u00e7\u00e3o &#8220;II Congre\u00e7o Mundial de Eucalipto, homenagem de champion celulose S. A. Mogi-Gua\u00e7u S. Paulo, Brasil, Agosto &#8211; 1961&#8221;. No verso, acabamento da base em formato de anel e uma etiqueta com a inscri\u00e7\u00e3o &#8220;OB-103&#8221;.<\/p>\n","protected":false},"featured_media":12313,"parent":0,"menu_order":0,"comment_status":"closed","ping_status":"closed","template":"","format":"standard","_links":{"self":[{"href":"https:\/\/museuflorestal.ambiente.sp.gov.br\/acervo\/wp-json\/wp\/v2\/tnc_col_329_item\/12312"}],"collection":[{"href":"https:\/\/museuflorestal.ambiente.sp.gov.br\/acervo\/wp-json\/wp\/v2\/tnc_col_329_item"}],"about":[{"href":"https:\/\/museuflorestal.ambiente.sp.gov.br\/acervo\/wp-json\/wp\/v2\/types\/tnc_col_329_item"}],"replies":[{"embeddable":true,"href":"https:\/\/museuflorestal.ambiente.sp.gov.br\/acervo\/wp-json\/wp\/v2\/comments?post=12312"}],"version-history":[{"count":0,"href":"https:\/\/museuflorestal.ambiente.sp.gov.br\/acervo\/wp-json\/wp\/v2\/tnc_col_329_item\/12312\/revisions"}],"wp:featuredmedia":[{"embeddable":true,"href":"https:\/\/museuflorestal.ambiente.sp.gov.br\/acervo\/wp-json\/wp\/v2\/media\/12313"}],"wp:attachment":[{"href":"https:\/\/museuflorestal.ambiente.sp.gov.br\/acervo\/wp-json\/wp\/v2\/media?parent=12312"}],"curies":[{"name":"wp","href":"https:\/\/api.w.org\/{rel}","templated":true}]}}

<p>Prato de madeira, na cor natural da madeira. Na parte interna há uma placa fixada por dois pregos, com a inscrição &#8220;II Congreço Mundial de Eucalipto, homenagem de champion celulose S. A. Mogi-Guaçu S. Paulo, Brasil, Agosto &#8211; 1961&#8221;. No verso, acabamento da base em formato de anel e uma etiqueta com a inscrição &#8220;OB-103&#8221;.</p>
