{"id":12316,"date":"2021-11-30T21:49:02","date_gmt":"2021-11-30T23:49:02","guid":{"rendered":"https:\/\/museuflorestal.ambiente.sp.gov.br\/acervo\/?post_type=tnc_col_329_item&#038;p=12316"},"modified":"2021-11-30T21:49:03","modified_gmt":"2021-11-30T23:49:03","slug":"pote-de-madeira","status":"publish","type":"tnc_col_329_item","link":"https:\/\/museuflorestal.ambiente.sp.gov.br\/acervo\/museu-florestal-octavio-vecchi\/pote-de-madeira\/","title":{"rendered":"Pote de madeira"},"content":{"rendered":"<p>Pote de madeira redondo, na cor natural da madeira. No verso h\u00e1 uma etiqueta com inscri\u00e7\u00e3o &#8220;OB-71&#8221; e a inscri\u00e7\u00e3o \u00e0 caneta &#8220;OB-71&#8221;.<\/p>\n","protected":false},"featured_media":12317,"parent":0,"menu_order":0,"comment_status":"closed","ping_status":"closed","template":"","format":"standard","_links":{"self":[{"href":"https:\/\/museuflorestal.ambiente.sp.gov.br\/acervo\/wp-json\/wp\/v2\/tnc_col_329_item\/12316"}],"collection":[{"href":"https:\/\/museuflorestal.ambiente.sp.gov.br\/acervo\/wp-json\/wp\/v2\/tnc_col_329_item"}],"about":[{"href":"https:\/\/museuflorestal.ambiente.sp.gov.br\/acervo\/wp-json\/wp\/v2\/types\/tnc_col_329_item"}],"replies":[{"embeddable":true,"href":"https:\/\/museuflorestal.ambiente.sp.gov.br\/acervo\/wp-json\/wp\/v2\/comments?post=12316"}],"version-history":[{"count":0,"href":"https:\/\/museuflorestal.ambiente.sp.gov.br\/acervo\/wp-json\/wp\/v2\/tnc_col_329_item\/12316\/revisions"}],"wp:featuredmedia":[{"embeddable":true,"href":"https:\/\/museuflorestal.ambiente.sp.gov.br\/acervo\/wp-json\/wp\/v2\/media\/12317"}],"wp:attachment":[{"href":"https:\/\/museuflorestal.ambiente.sp.gov.br\/acervo\/wp-json\/wp\/v2\/media?parent=12316"}],"curies":[{"name":"wp","href":"https:\/\/api.w.org\/{rel}","templated":true}]}}

<p>Pote de madeira redondo, na cor natural da madeira. No verso há uma etiqueta com inscrição &#8220;OB-71&#8221; e a inscrição à caneta &#8220;OB-71&#8221;.</p>
