{"id":12319,"date":"2021-11-30T21:49:05","date_gmt":"2021-11-30T23:49:05","guid":{"rendered":"https:\/\/museuflorestal.ambiente.sp.gov.br\/acervo\/?post_type=tnc_col_329_item&#038;p=12319"},"modified":"2021-11-30T21:49:08","modified_gmt":"2021-11-30T23:49:08","slug":"mascara-de-madeira","status":"publish","type":"tnc_col_329_item","link":"https:\/\/museuflorestal.ambiente.sp.gov.br\/acervo\/museu-florestal-octavio-vecchi\/mascara-de-madeira\/","title":{"rendered":"M\u00e1scara de madeira"},"content":{"rendered":"<p>M\u00e1scara de madeira entalhada de homem com bigodes, barba e cabelos enrolados. Na parte interna h\u00e1 uma etiqueta com a inscri\u00e7\u00e3o &#8220;OB-131&#8221; e inscri\u00e7\u00e3o [P. Leiophylla].<\/p>\n","protected":false},"featured_media":12321,"parent":0,"menu_order":0,"comment_status":"closed","ping_status":"closed","template":"","format":"standard","_links":{"self":[{"href":"https:\/\/museuflorestal.ambiente.sp.gov.br\/acervo\/wp-json\/wp\/v2\/tnc_col_329_item\/12319"}],"collection":[{"href":"https:\/\/museuflorestal.ambiente.sp.gov.br\/acervo\/wp-json\/wp\/v2\/tnc_col_329_item"}],"about":[{"href":"https:\/\/museuflorestal.ambiente.sp.gov.br\/acervo\/wp-json\/wp\/v2\/types\/tnc_col_329_item"}],"replies":[{"embeddable":true,"href":"https:\/\/museuflorestal.ambiente.sp.gov.br\/acervo\/wp-json\/wp\/v2\/comments?post=12319"}],"version-history":[{"count":0,"href":"https:\/\/museuflorestal.ambiente.sp.gov.br\/acervo\/wp-json\/wp\/v2\/tnc_col_329_item\/12319\/revisions"}],"wp:featuredmedia":[{"embeddable":true,"href":"https:\/\/museuflorestal.ambiente.sp.gov.br\/acervo\/wp-json\/wp\/v2\/media\/12321"}],"wp:attachment":[{"href":"https:\/\/museuflorestal.ambiente.sp.gov.br\/acervo\/wp-json\/wp\/v2\/media?parent=12319"}],"curies":[{"name":"wp","href":"https:\/\/api.w.org\/{rel}","templated":true}]}}

Máscara de madeira

<p>Máscara de madeira entalhada de homem com bigodes, barba e cabelos enrolados. Na parte interna há uma etiqueta com a inscrição &#8220;OB-131&#8221; e inscrição [P. Leiophylla].</p>
