{"id":12324,"date":"2021-11-30T21:49:11","date_gmt":"2021-11-30T23:49:11","guid":{"rendered":"https:\/\/museuflorestal.ambiente.sp.gov.br\/acervo\/?post_type=tnc_col_329_item&#038;p=12324"},"modified":"2021-11-30T21:49:11","modified_gmt":"2021-11-30T23:49:11","slug":"mascara-de-madeira-2","status":"publish","type":"tnc_col_329_item","link":"https:\/\/museuflorestal.ambiente.sp.gov.br\/acervo\/museu-florestal-octavio-vecchi\/mascara-de-madeira-2\/","title":{"rendered":"M\u00e1scara de madeira"},"content":{"rendered":"<p>M\u00e1scara de madeira entalhada de rosto com l\u00edngua para fora, olhos vazados, e p\u00e9talas ao redor do rosto. Na parte interna h\u00e1 uma etiqueta com a inscri\u00e7\u00e3o &#8220;OB- 129&#8221;, inscri\u00e7\u00e3o a l\u00e1pis &#8220;P. Radiata&#8221; e a inscri\u00e7\u00e3o \u00e0 caneta &#8220;Pinus Radiata Til\u00eano&#8221;.<\/p>\n","protected":false},"featured_media":12325,"parent":0,"menu_order":0,"comment_status":"closed","ping_status":"closed","template":"","format":"standard","_links":{"self":[{"href":"https:\/\/museuflorestal.ambiente.sp.gov.br\/acervo\/wp-json\/wp\/v2\/tnc_col_329_item\/12324"}],"collection":[{"href":"https:\/\/museuflorestal.ambiente.sp.gov.br\/acervo\/wp-json\/wp\/v2\/tnc_col_329_item"}],"about":[{"href":"https:\/\/museuflorestal.ambiente.sp.gov.br\/acervo\/wp-json\/wp\/v2\/types\/tnc_col_329_item"}],"replies":[{"embeddable":true,"href":"https:\/\/museuflorestal.ambiente.sp.gov.br\/acervo\/wp-json\/wp\/v2\/comments?post=12324"}],"version-history":[{"count":0,"href":"https:\/\/museuflorestal.ambiente.sp.gov.br\/acervo\/wp-json\/wp\/v2\/tnc_col_329_item\/12324\/revisions"}],"wp:featuredmedia":[{"embeddable":true,"href":"https:\/\/museuflorestal.ambiente.sp.gov.br\/acervo\/wp-json\/wp\/v2\/media\/12325"}],"wp:attachment":[{"href":"https:\/\/museuflorestal.ambiente.sp.gov.br\/acervo\/wp-json\/wp\/v2\/media?parent=12324"}],"curies":[{"name":"wp","href":"https:\/\/api.w.org\/{rel}","templated":true}]}}

Máscara de madeira

<p>Máscara de madeira entalhada de rosto com língua para fora, olhos vazados, e pétalas ao redor do rosto. Na parte interna há uma etiqueta com a inscrição &#8220;OB- 129&#8221;, inscrição a lápis &#8220;P. Radiata&#8221; e a inscrição à caneta &#8220;Pinus Radiata Tilêno&#8221;.</p>
