{"id":12340,"date":"2021-11-30T21:49:30","date_gmt":"2021-11-30T23:49:30","guid":{"rendered":"https:\/\/museuflorestal.ambiente.sp.gov.br\/acervo\/?post_type=tnc_col_329_item&#038;p=12340"},"modified":"2021-11-30T21:49:31","modified_gmt":"2021-11-30T23:49:31","slug":"porta-retrato-3","status":"publish","type":"tnc_col_329_item","link":"https:\/\/museuflorestal.ambiente.sp.gov.br\/acervo\/museu-florestal-octavio-vecchi\/porta-retrato-3\/","title":{"rendered":"Porta-retrato"},"content":{"rendered":"<p>Porta-retrato oval de base retangular de madeira. Possui vidro e tr\u00eas detalhes de metal dourado em cada lateral. Na parte frontal da base h\u00e1 o entalhe &#8220;M616&#8221; e etiqueta com a inscri\u00e7\u00e3o &#8220;Cabreuva parda&#8221;. No verso h\u00e1 uma etiqueta com a inscri\u00e7\u00e3o &#8220;OB-67&#8221; e madeira retangular que atravessa o porta-retrato. No fundo h\u00e1 tecido verde colado.<\/p>\n","protected":false},"featured_media":12341,"parent":0,"menu_order":0,"comment_status":"closed","ping_status":"closed","template":"","format":"standard","_links":{"self":[{"href":"https:\/\/museuflorestal.ambiente.sp.gov.br\/acervo\/wp-json\/wp\/v2\/tnc_col_329_item\/12340"}],"collection":[{"href":"https:\/\/museuflorestal.ambiente.sp.gov.br\/acervo\/wp-json\/wp\/v2\/tnc_col_329_item"}],"about":[{"href":"https:\/\/museuflorestal.ambiente.sp.gov.br\/acervo\/wp-json\/wp\/v2\/types\/tnc_col_329_item"}],"replies":[{"embeddable":true,"href":"https:\/\/museuflorestal.ambiente.sp.gov.br\/acervo\/wp-json\/wp\/v2\/comments?post=12340"}],"version-history":[{"count":0,"href":"https:\/\/museuflorestal.ambiente.sp.gov.br\/acervo\/wp-json\/wp\/v2\/tnc_col_329_item\/12340\/revisions"}],"wp:featuredmedia":[{"embeddable":true,"href":"https:\/\/museuflorestal.ambiente.sp.gov.br\/acervo\/wp-json\/wp\/v2\/media\/12341"}],"wp:attachment":[{"href":"https:\/\/museuflorestal.ambiente.sp.gov.br\/acervo\/wp-json\/wp\/v2\/media?parent=12340"}],"curies":[{"name":"wp","href":"https:\/\/api.w.org\/{rel}","templated":true}]}}

<p>Porta-retrato oval de base retangular de madeira. Possui vidro e três detalhes de metal dourado em cada lateral. Na parte frontal da base há o entalhe &#8220;M616&#8221; e etiqueta com a inscrição &#8220;Cabreuva parda&#8221;. No verso há uma etiqueta com a inscrição &#8220;OB-67&#8221; e madeira retangular que atravessa o porta-retrato. No fundo há tecido verde colado.</p>
