{"id":12347,"date":"2021-11-30T21:49:39","date_gmt":"2021-11-30T23:49:39","guid":{"rendered":"https:\/\/museuflorestal.ambiente.sp.gov.br\/acervo\/?post_type=tnc_col_329_item&#038;p=12347"},"modified":"2021-11-30T21:49:42","modified_gmt":"2021-11-30T23:49:42","slug":"bolsa-de-madeira","status":"publish","type":"tnc_col_329_item","link":"https:\/\/museuflorestal.ambiente.sp.gov.br\/acervo\/museu-florestal-octavio-vecchi\/bolsa-de-madeira\/","title":{"rendered":"Bolsa de madeira"},"content":{"rendered":"<p>Bolsa de madeira em formato cil\u00edndrico, na cor natural da madeira. Possui corpo em ripas dispostas horizontalmente, duas al\u00e7as de metal e fechadura de metal, todos fixados por tachas. Na parte inferior, duas dobradi\u00e7as de metal que permitem abertura. Abaixo das dobradi\u00e7as, entalhe &#8220;LNS&#8221;. No interior, revestimento de tecido branco e dourado.<\/p>\n","protected":false},"featured_media":12349,"parent":0,"menu_order":0,"comment_status":"closed","ping_status":"closed","template":"","format":"standard","_links":{"self":[{"href":"https:\/\/museuflorestal.ambiente.sp.gov.br\/acervo\/wp-json\/wp\/v2\/tnc_col_329_item\/12347"}],"collection":[{"href":"https:\/\/museuflorestal.ambiente.sp.gov.br\/acervo\/wp-json\/wp\/v2\/tnc_col_329_item"}],"about":[{"href":"https:\/\/museuflorestal.ambiente.sp.gov.br\/acervo\/wp-json\/wp\/v2\/types\/tnc_col_329_item"}],"replies":[{"embeddable":true,"href":"https:\/\/museuflorestal.ambiente.sp.gov.br\/acervo\/wp-json\/wp\/v2\/comments?post=12347"}],"version-history":[{"count":0,"href":"https:\/\/museuflorestal.ambiente.sp.gov.br\/acervo\/wp-json\/wp\/v2\/tnc_col_329_item\/12347\/revisions"}],"wp:featuredmedia":[{"embeddable":true,"href":"https:\/\/museuflorestal.ambiente.sp.gov.br\/acervo\/wp-json\/wp\/v2\/media\/12349"}],"wp:attachment":[{"href":"https:\/\/museuflorestal.ambiente.sp.gov.br\/acervo\/wp-json\/wp\/v2\/media?parent=12347"}],"curies":[{"name":"wp","href":"https:\/\/api.w.org\/{rel}","templated":true}]}}

<p>Bolsa de madeira em formato cilíndrico, na cor natural da madeira. Possui corpo em ripas dispostas horizontalmente, duas alças de metal e fechadura de metal, todos fixados por tachas. Na parte inferior, duas dobradiças de metal que permitem abertura. Abaixo das dobradiças, entalhe &#8220;LNS&#8221;. No interior, revestimento de tecido branco e dourado.</p>
