{"id":12355,"date":"2021-11-30T21:49:49","date_gmt":"2021-11-30T23:49:49","guid":{"rendered":"https:\/\/museuflorestal.ambiente.sp.gov.br\/acervo\/?post_type=tnc_col_329_item&#038;p=12355"},"modified":"2021-11-30T21:49:50","modified_gmt":"2021-11-30T23:49:50","slug":"abajur-de-araucaria","status":"publish","type":"tnc_col_329_item","link":"https:\/\/museuflorestal.ambiente.sp.gov.br\/acervo\/museu-florestal-octavio-vecchi\/abajur-de-araucaria\/","title":{"rendered":"Abajur de arauc\u00e1ria"},"content":{"rendered":"<p>Abajur de madeira, com padr\u00e3o de tons da arauc\u00e1ria. Possui base redonda abaulada, corpo afunilado e c\u00fapula abaulada. No interior, bocal com l\u00e2mpada e fio. Na parte inferior da base, h\u00e1 uma etiqueta com a inscri\u00e7\u00e3o &#8220;OB-19&#8221; e inscri\u00e7\u00e3o &#8220;OB-19&#8221;.<\/p>\n","protected":false},"featured_media":12357,"parent":0,"menu_order":0,"comment_status":"closed","ping_status":"closed","template":"","format":"standard","_links":{"self":[{"href":"https:\/\/museuflorestal.ambiente.sp.gov.br\/acervo\/wp-json\/wp\/v2\/tnc_col_329_item\/12355"}],"collection":[{"href":"https:\/\/museuflorestal.ambiente.sp.gov.br\/acervo\/wp-json\/wp\/v2\/tnc_col_329_item"}],"about":[{"href":"https:\/\/museuflorestal.ambiente.sp.gov.br\/acervo\/wp-json\/wp\/v2\/types\/tnc_col_329_item"}],"replies":[{"embeddable":true,"href":"https:\/\/museuflorestal.ambiente.sp.gov.br\/acervo\/wp-json\/wp\/v2\/comments?post=12355"}],"version-history":[{"count":0,"href":"https:\/\/museuflorestal.ambiente.sp.gov.br\/acervo\/wp-json\/wp\/v2\/tnc_col_329_item\/12355\/revisions"}],"wp:featuredmedia":[{"embeddable":true,"href":"https:\/\/museuflorestal.ambiente.sp.gov.br\/acervo\/wp-json\/wp\/v2\/media\/12357"}],"wp:attachment":[{"href":"https:\/\/museuflorestal.ambiente.sp.gov.br\/acervo\/wp-json\/wp\/v2\/media?parent=12355"}],"curies":[{"name":"wp","href":"https:\/\/api.w.org\/{rel}","templated":true}]}}

Abajur de araucária

<p>Abajur de madeira, com padrão de tons da araucária. Possui base redonda abaulada, corpo afunilado e cúpula abaulada. No interior, bocal com lâmpada e fio. Na parte inferior da base, há uma etiqueta com a inscrição &#8220;OB-19&#8221; e inscrição &#8220;OB-19&#8221;.</p>
