{"id":12362,"date":"2021-11-30T21:49:56","date_gmt":"2021-11-30T23:49:56","guid":{"rendered":"https:\/\/museuflorestal.ambiente.sp.gov.br\/acervo\/?post_type=tnc_col_329_item&#038;p=12362"},"modified":"2021-11-30T21:50:00","modified_gmt":"2021-11-30T23:50:00","slug":"pote-com-tampa-6","status":"publish","type":"tnc_col_329_item","link":"https:\/\/museuflorestal.ambiente.sp.gov.br\/acervo\/museu-florestal-octavio-vecchi\/pote-com-tampa-6\/","title":{"rendered":"Pote com tampa"},"content":{"rendered":"<p>Pote com tampa em formato circular, em tons naturais de madeira. Pote com acabamento em torno da borda. Na parte inferior do pote, etiqueta e inscri\u00e7\u00e3o &#8220;OB-47&#8221;. A tampa \u00e9 remov\u00edvel, com pegador em formato de cone no topo e acabamento para encaixe no pote.<\/p>\n","protected":false},"featured_media":12363,"parent":0,"menu_order":0,"comment_status":"closed","ping_status":"closed","template":"","format":"standard","_links":{"self":[{"href":"https:\/\/museuflorestal.ambiente.sp.gov.br\/acervo\/wp-json\/wp\/v2\/tnc_col_329_item\/12362"}],"collection":[{"href":"https:\/\/museuflorestal.ambiente.sp.gov.br\/acervo\/wp-json\/wp\/v2\/tnc_col_329_item"}],"about":[{"href":"https:\/\/museuflorestal.ambiente.sp.gov.br\/acervo\/wp-json\/wp\/v2\/types\/tnc_col_329_item"}],"replies":[{"embeddable":true,"href":"https:\/\/museuflorestal.ambiente.sp.gov.br\/acervo\/wp-json\/wp\/v2\/comments?post=12362"}],"version-history":[{"count":0,"href":"https:\/\/museuflorestal.ambiente.sp.gov.br\/acervo\/wp-json\/wp\/v2\/tnc_col_329_item\/12362\/revisions"}],"wp:featuredmedia":[{"embeddable":true,"href":"https:\/\/museuflorestal.ambiente.sp.gov.br\/acervo\/wp-json\/wp\/v2\/media\/12363"}],"wp:attachment":[{"href":"https:\/\/museuflorestal.ambiente.sp.gov.br\/acervo\/wp-json\/wp\/v2\/media?parent=12362"}],"curies":[{"name":"wp","href":"https:\/\/api.w.org\/{rel}","templated":true}]}}

<p>Pote com tampa em formato circular, em tons naturais de madeira. Pote com acabamento em torno da borda. Na parte inferior do pote, etiqueta e inscrição &#8220;OB-47&#8221;. A tampa é removível, com pegador em formato de cone no topo e acabamento para encaixe no pote.</p>
