{"id":12366,"date":"2021-11-30T21:50:07","date_gmt":"2021-11-30T23:50:07","guid":{"rendered":"https:\/\/museuflorestal.ambiente.sp.gov.br\/acervo\/?post_type=tnc_col_329_item&#038;p=12366"},"modified":"2021-11-30T21:50:09","modified_gmt":"2021-11-30T23:50:09","slug":"pote-com-tampa-7","status":"publish","type":"tnc_col_329_item","link":"https:\/\/museuflorestal.ambiente.sp.gov.br\/acervo\/museu-florestal-octavio-vecchi\/pote-com-tampa-7\/","title":{"rendered":"Pote com tampa"},"content":{"rendered":"<p>Pote e tampa de madeira, nas cores naturais da madeira. Pote possui formato cil\u00edndrico e corpo levemente abaulado. Na parte inferior do pote, h\u00e1 etiqueta e inscri\u00e7\u00e3o &#8220;OB-49&#8221;. A tampa \u00e9 remov\u00edvel, com detalhes em dois n\u00edveis e puxador pontiagudo, com acabamento torneado. Na parte interna da tampa, acabamentos nas bordas internas para encaixe no pote.<\/p>\n","protected":false},"featured_media":12367,"parent":0,"menu_order":0,"comment_status":"closed","ping_status":"closed","template":"","format":"standard","_links":{"self":[{"href":"https:\/\/museuflorestal.ambiente.sp.gov.br\/acervo\/wp-json\/wp\/v2\/tnc_col_329_item\/12366"}],"collection":[{"href":"https:\/\/museuflorestal.ambiente.sp.gov.br\/acervo\/wp-json\/wp\/v2\/tnc_col_329_item"}],"about":[{"href":"https:\/\/museuflorestal.ambiente.sp.gov.br\/acervo\/wp-json\/wp\/v2\/types\/tnc_col_329_item"}],"replies":[{"embeddable":true,"href":"https:\/\/museuflorestal.ambiente.sp.gov.br\/acervo\/wp-json\/wp\/v2\/comments?post=12366"}],"version-history":[{"count":0,"href":"https:\/\/museuflorestal.ambiente.sp.gov.br\/acervo\/wp-json\/wp\/v2\/tnc_col_329_item\/12366\/revisions"}],"wp:featuredmedia":[{"embeddable":true,"href":"https:\/\/museuflorestal.ambiente.sp.gov.br\/acervo\/wp-json\/wp\/v2\/media\/12367"}],"wp:attachment":[{"href":"https:\/\/museuflorestal.ambiente.sp.gov.br\/acervo\/wp-json\/wp\/v2\/media?parent=12366"}],"curies":[{"name":"wp","href":"https:\/\/api.w.org\/{rel}","templated":true}]}}

<p>Pote e tampa de madeira, nas cores naturais da madeira. Pote possui formato cilíndrico e corpo levemente abaulado. Na parte inferior do pote, há etiqueta e inscrição &#8220;OB-49&#8221;. A tampa é removível, com detalhes em dois níveis e puxador pontiagudo, com acabamento torneado. Na parte interna da tampa, acabamentos nas bordas internas para encaixe no pote.</p>
