{"id":12370,"date":"2021-11-30T21:50:12","date_gmt":"2021-11-30T23:50:12","guid":{"rendered":"https:\/\/museuflorestal.ambiente.sp.gov.br\/acervo\/?post_type=tnc_col_329_item&#038;p=12370"},"modified":"2021-11-30T21:50:16","modified_gmt":"2021-11-30T23:50:16","slug":"pote-com-tampa-8","status":"publish","type":"tnc_col_329_item","link":"https:\/\/museuflorestal.ambiente.sp.gov.br\/acervo\/museu-florestal-octavio-vecchi\/pote-com-tampa-8\/","title":{"rendered":"Pote com tampa"},"content":{"rendered":"<p>Pote e tampa de madeira circulares, na cor natural da madeira. O pote possui corpo abaulado com base afunilada. Na parte inferior do pote, h\u00e1 etiqueta e inscri\u00e7\u00e3o &#8220;OB-51&#8221;. A tampa \u00e9 remov\u00edvel e possui o topo abaulado. Na parte superior da tampa, acabamentos de entalhes circulares. Na parte interna, acabamento em formato de anel para encaixe no pote.<\/p>\n","protected":false},"featured_media":12371,"parent":0,"menu_order":0,"comment_status":"closed","ping_status":"closed","template":"","format":"standard","_links":{"self":[{"href":"https:\/\/museuflorestal.ambiente.sp.gov.br\/acervo\/wp-json\/wp\/v2\/tnc_col_329_item\/12370"}],"collection":[{"href":"https:\/\/museuflorestal.ambiente.sp.gov.br\/acervo\/wp-json\/wp\/v2\/tnc_col_329_item"}],"about":[{"href":"https:\/\/museuflorestal.ambiente.sp.gov.br\/acervo\/wp-json\/wp\/v2\/types\/tnc_col_329_item"}],"replies":[{"embeddable":true,"href":"https:\/\/museuflorestal.ambiente.sp.gov.br\/acervo\/wp-json\/wp\/v2\/comments?post=12370"}],"version-history":[{"count":0,"href":"https:\/\/museuflorestal.ambiente.sp.gov.br\/acervo\/wp-json\/wp\/v2\/tnc_col_329_item\/12370\/revisions"}],"wp:featuredmedia":[{"embeddable":true,"href":"https:\/\/museuflorestal.ambiente.sp.gov.br\/acervo\/wp-json\/wp\/v2\/media\/12371"}],"wp:attachment":[{"href":"https:\/\/museuflorestal.ambiente.sp.gov.br\/acervo\/wp-json\/wp\/v2\/media?parent=12370"}],"curies":[{"name":"wp","href":"https:\/\/api.w.org\/{rel}","templated":true}]}}

<p>Pote e tampa de madeira circulares, na cor natural da madeira. O pote possui corpo abaulado com base afunilada. Na parte inferior do pote, há etiqueta e inscrição &#8220;OB-51&#8221;. A tampa é removível e possui o topo abaulado. Na parte superior da tampa, acabamentos de entalhes circulares. Na parte interna, acabamento em formato de anel para encaixe no pote.</p>
