{"id":12964,"date":"2021-11-30T22:07:58","date_gmt":"2021-12-01T00:07:58","guid":{"rendered":"https:\/\/museuflorestal.ambiente.sp.gov.br\/acervo\/?post_type=tnc_col_329_item&#038;p=12964"},"modified":"2021-11-30T22:08:00","modified_gmt":"2021-12-01T00:08:00","slug":"madeira-petrificada-com-suporte-2","status":"publish","type":"tnc_col_329_item","link":"https:\/\/museuflorestal.ambiente.sp.gov.br\/acervo\/museu-florestal-octavio-vecchi\/madeira-petrificada-com-suporte-2\/","title":{"rendered":"Madeira petrificada com suporte"},"content":{"rendered":"<p>Madeira petrificada fixada sobre suporte quadrado girat\u00f3rio de madeira. Na madeira h\u00e1 uma etiqueta com a inscri\u00e7\u00e3o &#8220;MP-3&#8221;.<\/p>\n","protected":false},"featured_media":12965,"parent":0,"menu_order":0,"comment_status":"closed","ping_status":"closed","template":"","format":"standard","_links":{"self":[{"href":"https:\/\/museuflorestal.ambiente.sp.gov.br\/acervo\/wp-json\/wp\/v2\/tnc_col_329_item\/12964"}],"collection":[{"href":"https:\/\/museuflorestal.ambiente.sp.gov.br\/acervo\/wp-json\/wp\/v2\/tnc_col_329_item"}],"about":[{"href":"https:\/\/museuflorestal.ambiente.sp.gov.br\/acervo\/wp-json\/wp\/v2\/types\/tnc_col_329_item"}],"replies":[{"embeddable":true,"href":"https:\/\/museuflorestal.ambiente.sp.gov.br\/acervo\/wp-json\/wp\/v2\/comments?post=12964"}],"version-history":[{"count":0,"href":"https:\/\/museuflorestal.ambiente.sp.gov.br\/acervo\/wp-json\/wp\/v2\/tnc_col_329_item\/12964\/revisions"}],"wp:featuredmedia":[{"embeddable":true,"href":"https:\/\/museuflorestal.ambiente.sp.gov.br\/acervo\/wp-json\/wp\/v2\/media\/12965"}],"wp:attachment":[{"href":"https:\/\/museuflorestal.ambiente.sp.gov.br\/acervo\/wp-json\/wp\/v2\/media?parent=12964"}],"curies":[{"name":"wp","href":"https:\/\/api.w.org\/{rel}","templated":true}]}}

<p>Madeira petrificada fixada sobre suporte quadrado giratório de madeira. Na madeira há uma etiqueta com a inscrição &#8220;MP-3&#8221;.</p>
